{"id":1818,"date":"2022-11-17T18:10:40","date_gmt":"2022-11-17T17:10:40","guid":{"rendered":"https:\/\/fedefutguate.gt\/informacionpublica\/?page_id=1818"},"modified":"2023-03-31T17:37:11","modified_gmt":"2023-03-31T15:37:11","slug":"decreto-16-2021-articulo-15","status":"publish","type":"page","link":"https:\/\/fedefutguate.gt\/informacionpublica\/decreto-16-2021-articulo-15\/","title":{"rendered":"DECRETO 16 2021 &#8211; Art\u00edculo 15"},"content":{"rendered":"\n<p>Ejecuci\u00f3n F\u00edsica y Financiera<\/p>\n\n\n\n<figure class=\"wp-block-table is-style-stripes\"><table><tbody><tr><td class=\"has-text-align-center\" data-align=\"center\"><img loading=\"lazy\" decoding=\"async\" width=\"50\" height=\"58\" class=\"wp-image-266\" style=\"width: 50px;\" src=\"https:\/\/fedefutguate.gt\/informacionpublica\/wp-content\/uploads\/2022\/02\/pngaaa.com-2621310.png\" alt=\"\"><\/td><td><a href=\"https:\/\/fedefutguate.gt\/informacionpublica\/wp-content\/uploads\/2022\/11\/Articulo-15-Avance-de-metas-fisicas-y-financieras-1er-cuatrimestre.pdf\" target=\"_blank\" rel=\"noreferrer noopener\">Avance de metas f\u00edsicas y financieras 1er cuatrimestre<\/a><\/td><\/tr><tr><td class=\"has-text-align-center\" data-align=\"center\"><img loading=\"lazy\" decoding=\"async\" width=\"50\" height=\"58\" class=\"wp-image-266\" style=\"width: 50px;\" src=\"https:\/\/fedefutguate.gt\/informacionpublica\/wp-content\/uploads\/2022\/02\/pngaaa.com-2621310.png\" alt=\"\"><\/td><td><a href=\"https:\/\/fedefutguate.gt\/informacionpublica\/wp-content\/uploads\/2022\/11\/Articulo-15-Ejecucion-de-mestas-fisicas-y-financieras-1er-cuatrimestre.pdf\" target=\"_blank\" rel=\"noreferrer noopener\">Ejecuci\u00f3n de metas f\u00edsicas y financieras 1er cuatrimestre<\/a><\/td><\/tr><tr><td class=\"has-text-align-center\" data-align=\"center\"><img loading=\"lazy\" decoding=\"async\" width=\"50\" height=\"58\" class=\"wp-image-266\" style=\"width: 50px;\" src=\"https:\/\/fedefutguate.gt\/informacionpublica\/wp-content\/uploads\/2022\/02\/pngaaa.com-2621310.png\" alt=\"\"><\/td><td><a href=\"https:\/\/fedefutguate.gt\/informacionpublica\/wp-content\/uploads\/2022\/11\/Articulo-15-Ejecucion-de-mestas-fisicas-y-financieras-2do-cuatrimestre.pdf\" target=\"_blank\" rel=\"noreferrer noopener\">Ejecuci\u00f3n de metas f\u00edsicas y financieras 2do cuatrimestre<\/a><\/td><\/tr><tr><td class=\"has-text-align-center\" data-align=\"center\"><img loading=\"lazy\" decoding=\"async\" width=\"50\" height=\"58\" class=\"wp-image-266\" style=\"width: 50px;\" src=\"https:\/\/fedefutguate.gt\/informacionpublica\/wp-content\/uploads\/2022\/02\/pngaaa.com-2621310.png\" alt=\"\"><\/td><td><a href=\"https:\/\/fedefutguate.gt\/informacionpublica\/wp-content\/uploads\/2022\/11\/Articulo-15-Reporte-avance-de-metas-fisicas-y-financieras-2do-cuatrimestre.pdf\" target=\"_blank\" rel=\"noreferrer noopener\">Reporte avance de metas f\u00edsicas y financieras 2do cuatrimestre<\/a><\/td><\/tr><tr><td class=\"has-text-align-center\" data-align=\"center\"><img loading=\"lazy\" decoding=\"async\" width=\"50\" height=\"58\" class=\"wp-image-266\" style=\"width: 50px;\" src=\"https:\/\/fedefutguate.gt\/informacionpublica\/wp-content\/uploads\/2022\/02\/pngaaa.com-2621310.png\" alt=\"\"><\/td><td><a href=\"https:\/\/fedefutguate.gt\/informacionpublica\/wp-content\/uploads\/2022\/11\/Articulo-15-Vinculacion-clasificador-tematico-1er-cuatrimestre.pdf\" target=\"_blank\" rel=\"noreferrer noopener\">Vinculaci\u00f3n clasificador tem\u00e1tico 1er cuatrimestre<\/a><\/td><\/tr><\/tbody><\/table><\/figure>\n","protected":false},"excerpt":{"rendered":"<p>Ejecuci\u00f3n F\u00edsica y Financiera Avance de metas f\u00edsicas y financieras 1er cuatrimestre Ejecuci\u00f3n de metas f\u00edsicas y financieras 1er cuatrimestre Ejecuci\u00f3n de metas f\u00edsicas y financieras 2do cuatrimestre Reporte avance de metas f\u00edsicas y financieras 2do cuatrimestre Vinculaci\u00f3n clasificador tem\u00e1tico 1er cuatrimestre<\/p>\n","protected":false},"author":1,"featured_media":0,"parent":0,"menu_order":0,"comment_status":"closed","ping_status":"closed","template":"","meta":{"footnotes":""},"class_list":["post-1818","page","type-page","status-publish"],"_links":{"self":[{"href":"https:\/\/fedefutguate.gt\/informacionpublica\/wp-json\/wp\/v2\/pages\/1818","targetHints":{"allow":["GET"]}}],"collection":[{"href":"https:\/\/fedefutguate.gt\/informacionpublica\/wp-json\/wp\/v2\/pages"}],"about":[{"href":"https:\/\/fedefutguate.gt\/informacionpublica\/wp-json\/wp\/v2\/types\/page"}],"author":[{"embeddable":true,"href":"https:\/\/fedefutguate.gt\/informacionpublica\/wp-json\/wp\/v2\/users\/1"}],"replies":[{"embeddable":true,"href":"https:\/\/fedefutguate.gt\/informacionpublica\/wp-json\/wp\/v2\/comments?post=1818"}],"version-history":[{"count":2,"href":"https:\/\/fedefutguate.gt\/informacionpublica\/wp-json\/wp\/v2\/pages\/1818\/revisions"}],"predecessor-version":[{"id":2742,"href":"https:\/\/fedefutguate.gt\/informacionpublica\/wp-json\/wp\/v2\/pages\/1818\/revisions\/2742"}],"wp:attachment":[{"href":"https:\/\/fedefutguate.gt\/informacionpublica\/wp-json\/wp\/v2\/media?parent=1818"}],"curies":[{"name":"wp","href":"https:\/\/api.w.org\/{rel}","templated":true}]}}