{"id":1832,"date":"2022-11-17T19:15:49","date_gmt":"2022-11-17T18:15:49","guid":{"rendered":"https:\/\/fedefutguate.gt\/informacionpublica\/?page_id=1832"},"modified":"2022-11-17T20:20:17","modified_gmt":"2022-11-17T19:20:17","slug":"decreto-16-2021","status":"publish","type":"page","link":"https:\/\/fedefutguate.gt\/informacionpublica\/decreto-16-2021\/","title":{"rendered":"DECRETO 16 2021 &#8211; Art\u00edculo 17"},"content":{"rendered":"\n<p>Clasificadores Tem\u00e1ticos<\/p>\n\n\n\n<figure class=\"wp-block-table is-style-stripes\"><table><tbody><tr><td class=\"has-text-align-center\" data-align=\"center\"><img loading=\"lazy\" decoding=\"async\" width=\"50\" height=\"58\" class=\"wp-image-266\" style=\"width: 50px;\" src=\"https:\/\/fedefutguate.gt\/informacionpublica\/wp-content\/uploads\/2022\/02\/pngaaa.com-2621310.png\" alt=\"\"><\/td><td><a href=\"https:\/\/fedefutguate.gt\/informacionpublica\/wp-content\/uploads\/2022\/11\/Articulo-17-Clasificador-presupuestario-con-enfoque-de-genero.pdf\" target=\"_blank\" rel=\"noreferrer noopener\">Clasificador presupuestario con enfoque de genero<\/a><\/td><\/tr><tr><td class=\"has-text-align-center\" data-align=\"center\"><img decoding=\"async\" src=\"https:\/\/fedefutguate.gt\/informacionpublica\/wp-content\/uploads\/2022\/02\/pngaaa.com-2621310.png\" alt=\"\"><\/td><td><a href=\"https:\/\/fedefutguate.gt\/informacionpublica\/wp-content\/uploads\/2022\/11\/Articulo-17-Clasificador-tematico-con-enfoque-de-genero.pdf\" target=\"_blank\" rel=\"noreferrer noopener\">Clasificador tem\u00e1tico con enfoque de genero<\/a><\/td><\/tr><tr><td class=\"has-text-align-center\" data-align=\"center\"><img decoding=\"async\" src=\"https:\/\/fedefutguate.gt\/informacionpublica\/wp-content\/uploads\/2022\/02\/pngaaa.com-2621310.png\" alt=\"\"><\/td><td><a href=\"https:\/\/fedefutguate.gt\/informacionpublica\/wp-content\/uploads\/2022\/11\/Articulo-17-Proceso-de-Vinculacion-Clasificador-Tematico.pdf\" target=\"_blank\" rel=\"noreferrer noopener\">Proceso de Vinculaci\u00f3n Clasificador Tem\u00e1tico<\/a><\/td><\/tr><\/tbody><\/table><\/figure>\n","protected":false},"excerpt":{"rendered":"<p>Clasificadores Tem\u00e1ticos Clasificador presupuestario con enfoque de genero Clasificador tem\u00e1tico con enfoque de genero Proceso de Vinculaci\u00f3n Clasificador Tem\u00e1tico<\/p>\n","protected":false},"author":1,"featured_media":0,"parent":0,"menu_order":0,"comment_status":"closed","ping_status":"closed","template":"","meta":{"footnotes":""},"class_list":["post-1832","page","type-page","status-publish"],"_links":{"self":[{"href":"https:\/\/fedefutguate.gt\/informacionpublica\/wp-json\/wp\/v2\/pages\/1832","targetHints":{"allow":["GET"]}}],"collection":[{"href":"https:\/\/fedefutguate.gt\/informacionpublica\/wp-json\/wp\/v2\/pages"}],"about":[{"href":"https:\/\/fedefutguate.gt\/informacionpublica\/wp-json\/wp\/v2\/types\/page"}],"author":[{"embeddable":true,"href":"https:\/\/fedefutguate.gt\/informacionpublica\/wp-json\/wp\/v2\/users\/1"}],"replies":[{"embeddable":true,"href":"https:\/\/fedefutguate.gt\/informacionpublica\/wp-json\/wp\/v2\/comments?post=1832"}],"version-history":[{"count":2,"href":"https:\/\/fedefutguate.gt\/informacionpublica\/wp-json\/wp\/v2\/pages\/1832\/revisions"}],"predecessor-version":[{"id":1859,"href":"https:\/\/fedefutguate.gt\/informacionpublica\/wp-json\/wp\/v2\/pages\/1832\/revisions\/1859"}],"wp:attachment":[{"href":"https:\/\/fedefutguate.gt\/informacionpublica\/wp-json\/wp\/v2\/media?parent=1832"}],"curies":[{"name":"wp","href":"https:\/\/api.w.org\/{rel}","templated":true}]}}