{"id":2223,"date":"2023-02-09T22:33:40","date_gmt":"2023-02-09T21:33:40","guid":{"rendered":"https:\/\/fedefutguate.gt\/informacionpublica\/?page_id=2223"},"modified":"2024-01-26T18:37:12","modified_gmt":"2024-01-26T17:37:12","slug":"2023-directorio-de-empleados-y-servidores-publicos","status":"publish","type":"page","link":"https:\/\/fedefutguate.gt\/informacionpublica\/2023-directorio-de-empleados-y-servidores-publicos\/","title":{"rendered":"Directorio de Empleados y Servidores P\u00fablicos -2023 &#8211;"},"content":{"rendered":"\n<p class=\"has-contrast-2-color has-text-color\">Directorio de empleados y servidores p\u00fablicos, incluyendo n\u00fameros de tel\u00e9fono y direcciones de correo electr\u00f3nico oficiales no privados.<\/p>\n\n\n\n<p>Art\u00edculo 10, numeral 3 de la Ley de Acceso a la Informaci\u00f3n P\u00fablica<\/p>\n\n\n\n<figure class=\"wp-block-table is-style-stripes\"><table><tbody><tr><td class=\"has-text-align-right\" data-align=\"right\"><a href=\"https:\/\/fedefutguate.gt\/informacionpublica\/wp-content\/uploads\/2023\/02\/Directorio-de-Empleados-Y-Servidores-Publicos-de-la-Federacion-Nacional-de-Futbol-de-Guatemala-ENERO-2023.pdf\" target=\"_blank\" rel=\"noreferrer noopener\"><img loading=\"lazy\" decoding=\"async\" width=\"50\" height=\"58\" class=\"wp-image-266\" style=\"width: 50px;\" src=\"https:\/\/fedefutguate.gt\/informacionpublica\/wp-content\/uploads\/2022\/02\/pngaaa.com-2621310.png\" alt=\"\"><\/a><\/td><td><a rel=\"noreferrer noopener\" href=\"https:\/\/fedefutguate.gt\/informacionpublica\/wp-content\/uploads\/2023\/02\/Directorio-de-Empleados-Y-Servidores-Publicos-de-la-Federacion-Nacional-de-Futbol-de-Guatemala-ENERO-2023.pdf\" target=\"_blank\">Directorio de Empleados y Servidores P\u00fablicos de la Federaci\u00f3n Nacional de F\u00fatbol de Guatemala (ENERO 202<\/a><a href=\"https:\/\/fedefutguate.gt\/informacionpublica\/wp-content\/uploads\/2023\/02\/Directorio-de-Empleados-Y-Servidores-Publicos-de-la-Federacion-Nacional-de-Futbol-de-Guatemala-ENERO-2023.pdf\" target=\"_blank\" rel=\"noreferrer noopener\">3<\/a><a rel=\"noreferrer noopener\" href=\"https:\/\/fedefutguate.gt\/informacionpublica\/wp-content\/uploads\/2023\/02\/Directorio-de-Empleados-Y-Servidores-Publicos-de-la-Federacion-Nacional-de-Futbol-de-Guatemala-ENERO-2023.pdf\" target=\"_blank\">)<\/a><\/td><\/tr><tr><td class=\"has-text-align-right\" data-align=\"right\"><a href=\"https:\/\/fedefutguate.gt\/informacionpublica\/wp-content\/uploads\/2023\/03\/Directorio-de-Empleados-Y-Servidores-Publicos-de-la-Federacion-Nacional-de-Futbol-de-Guatemala-FEBRERO-2023.pdf\" target=\"_blank\" rel=\"noreferrer noopener\"><img loading=\"lazy\" decoding=\"async\" width=\"50\" height=\"58\" class=\"wp-image-266\" style=\"width: 50px;\" src=\"https:\/\/fedefutguate.gt\/informacionpublica\/wp-content\/uploads\/2022\/02\/pngaaa.com-2621310.png\" alt=\"\"><\/a><\/td><td><a href=\"https:\/\/fedefutguate.gt\/informacionpublica\/wp-content\/uploads\/2023\/03\/Directorio-de-Empleados-Y-Servidores-Publicos-de-la-Federacion-Nacional-de-Futbol-de-Guatemala-FEBRERO-2023.pdf\" target=\"_blank\" rel=\"noreferrer noopener\">Directorio de Empleados y Servidores P\u00fablicos de la Federaci\u00f3n Nacional de F\u00fatbol de Guatemala (FEBRERO 2023)<\/a><\/td><\/tr><tr><td class=\"has-text-align-right\" data-align=\"right\"><a href=\"https:\/\/fedefutguate.gt\/informacionpublica\/wp-content\/uploads\/2023\/04\/Directorio-de-Empleados-Y-Servidores-Publicos-de-la-Federacion-Nacional-de-Futbol-de-Guatemala-MARZO-2023.pdf\" target=\"_blank\" rel=\"noreferrer noopener\"><img loading=\"lazy\" decoding=\"async\" width=\"50\" height=\"58\" class=\"wp-image-266\" style=\"width: 50px;\" src=\"https:\/\/fedefutguate.gt\/informacionpublica\/wp-content\/uploads\/2022\/02\/pngaaa.com-2621310.png\" alt=\"\"><\/a><\/td><td><a href=\"https:\/\/fedefutguate.gt\/informacionpublica\/wp-content\/uploads\/2023\/04\/Directorio-de-Empleados-Y-Servidores-Publicos-de-la-Federacion-Nacional-de-Futbol-de-Guatemala-MARZO-2023.pdf\" target=\"_blank\" rel=\"noreferrer noopener\">Directorio de Empleados y Servidores P\u00fablicos de la Federaci\u00f3n Nacional de F\u00fatbol de Guatemala (MARZO 2023)<\/a><\/td><\/tr><tr><td class=\"has-text-align-right\" data-align=\"right\"><a href=\"https:\/\/fedefutguate.gt\/informacionpublica\/wp-content\/uploads\/2023\/05\/Directorio-de-Empleados-Y-Servidores-Publicos-de-la-Federacion-Nacional-de-Futbol-de-Guatemala-ABRIL-2023.pdf\" target=\"_blank\" rel=\"noreferrer noopener\"><img loading=\"lazy\" decoding=\"async\" width=\"50\" height=\"58\" class=\"wp-image-266\" style=\"width: 50px;\" src=\"https:\/\/fedefutguate.gt\/informacionpublica\/wp-content\/uploads\/2022\/02\/pngaaa.com-2621310.png\" alt=\"\"><\/a><\/td><td><a href=\"https:\/\/fedefutguate.gt\/informacionpublica\/wp-content\/uploads\/2023\/05\/Directorio-de-Empleados-Y-Servidores-Publicos-de-la-Federacion-Nacional-de-Futbol-de-Guatemala-ABRIL-2023.pdf\" target=\"_blank\" rel=\"noreferrer noopener\">Directorio de Empleados y Servidores P\u00fablicos de la Federaci\u00f3n Nacional de F\u00fatbol de Guatemala (ABRIL 2023)<\/a><\/td><\/tr><tr><td class=\"has-text-align-right\" data-align=\"right\"><a href=\"https:\/\/fedefutguate.gt\/informacionpublica\/wp-content\/uploads\/2023\/06\/Directorio-de-Empleados-Y-Servidores-Publicos-de-la-Federacion-Nacional-de-Futbol-de-Guatemala-MAYO-2023.pdf\" target=\"_blank\" rel=\"noreferrer noopener\"><img loading=\"lazy\" decoding=\"async\" width=\"50\" height=\"58\" class=\"wp-image-266\" style=\"width: 50px;\" src=\"https:\/\/fedefutguate.gt\/informacionpublica\/wp-content\/uploads\/2022\/02\/pngaaa.com-2621310.png\" alt=\"\"><\/a><\/td><td><a href=\"https:\/\/fedefutguate.gt\/informacionpublica\/wp-content\/uploads\/2023\/06\/Directorio-de-Empleados-Y-Servidores-Publicos-de-la-Federacion-Nacional-de-Futbol-de-Guatemala-MAYO-2023.pdf\" target=\"_blank\" rel=\"noreferrer noopener\">Directorio de Empleados y Servidores P\u00fablicos de la Federaci\u00f3n Nacional de F\u00fatbol de Guatemala (MAYO 2023)<\/a><\/td><\/tr><tr><td class=\"has-text-align-right\" data-align=\"right\"><a href=\"https:\/\/fedefutguate.gt\/informacionpublica\/wp-content\/uploads\/2023\/07\/Directorio-de-Empleados-Y-Servidores-Publicos-de-la-Federacion-Nacional-de-Futbol-de-Guatemala-JUNIO-2023.pdf\" target=\"_blank\" rel=\"noreferrer noopener\"><img loading=\"lazy\" decoding=\"async\" width=\"50\" height=\"58\" class=\"wp-image-266\" style=\"width: 50px;\" src=\"https:\/\/fedefutguate.gt\/informacionpublica\/wp-content\/uploads\/2022\/02\/pngaaa.com-2621310.png\" alt=\"\"><\/a><\/td><td><a href=\"https:\/\/fedefutguate.gt\/informacionpublica\/wp-content\/uploads\/2023\/07\/Directorio-de-Empleados-Y-Servidores-Publicos-de-la-Federacion-Nacional-de-Futbol-de-Guatemala-JUNIO-2023.pdf\" target=\"_blank\" rel=\"noreferrer noopener\">Directorio de Empleados y Servidores P\u00fablicos de la Federaci\u00f3n Nacional de F\u00fatbol de Guatemala (JUNIO 2023)<\/a><\/td><\/tr><tr><td class=\"has-text-align-right\" data-align=\"right\"><a href=\"https:\/\/fedefutguate.gt\/informacionpublica\/wp-content\/uploads\/2023\/08\/Directorio-de-Empleados-Y-Servidores-Publicos-de-la-Federacion-Nacional-de-Futbol-de-Guatemala-JULIO-2023.pdf\" target=\"_blank\" rel=\"noreferrer noopener\"><img loading=\"lazy\" decoding=\"async\" width=\"50\" height=\"58\" class=\"wp-image-266\" style=\"width: 50px;\" src=\"https:\/\/fedefutguate.gt\/informacionpublica\/wp-content\/uploads\/2022\/02\/pngaaa.com-2621310.png\" alt=\"\"><\/a><\/td><td><a href=\"https:\/\/fedefutguate.gt\/informacionpublica\/wp-content\/uploads\/2023\/08\/Directorio-de-Empleados-Y-Servidores-Publicos-de-la-Federacion-Nacional-de-Futbol-de-Guatemala-JULIO-2023.pdf\" target=\"_blank\" rel=\"noreferrer noopener\">Directorio de Empleados y Servidores P\u00fablicos de la Federaci\u00f3n Nacional de F\u00fatbol de Guatemala (JULIO 2023)<\/a><\/td><\/tr><tr><td class=\"has-text-align-right\" data-align=\"right\"><a href=\"https:\/\/fedefutguate.gt\/informacionpublica\/wp-content\/uploads\/2023\/09\/Directorio-de-Empleados-Y-Servidores-Publicos-de-la-Federacion-Nacional-de-Futbol-de-Guatemala-AGOSTO-2023.pdf\"><img loading=\"lazy\" decoding=\"async\" width=\"50\" height=\"58\" class=\"wp-image-266\" style=\"width: 50px;\" src=\"https:\/\/fedefutguate.gt\/informacionpublica\/wp-content\/uploads\/2022\/02\/pngaaa.com-2621310.png\" alt=\"\"><\/a><\/td><td><a href=\"https:\/\/fedefutguate.gt\/informacionpublica\/wp-content\/uploads\/2023\/09\/Directorio-de-Empleados-Y-Servidores-Publicos-de-la-Federacion-Nacional-de-Futbol-de-Guatemala-AGOSTO-2023.pdf\">Directorio de Empleados y Servidores P\u00fablicos de la Federaci\u00f3n Nacional de F\u00fatbol de Guatemala (AGOSTO 2023)<\/a><\/td><\/tr><tr><td class=\"has-text-align-right\" data-align=\"right\"><a href=\"https:\/\/fedefutguate.gt\/informacionpublica\/wp-content\/uploads\/2023\/10\/Directorio-de-Empleados-Y-Servidores-Publicos-de-la-Federacion-Nacional-de-Futbol-de-Guatemala-SEPTIEMBRE-2023.pdf\"><img loading=\"lazy\" decoding=\"async\" width=\"50\" height=\"58\" class=\"wp-image-266\" style=\"width: 50px;\" src=\"https:\/\/fedefutguate.gt\/informacionpublica\/wp-content\/uploads\/2022\/02\/pngaaa.com-2621310.png\" alt=\"\"><\/a><\/td><td><a href=\"https:\/\/fedefutguate.gt\/informacionpublica\/wp-content\/uploads\/2023\/10\/Directorio-de-Empleados-Y-Servidores-Publicos-de-la-Federacion-Nacional-de-Futbol-de-Guatemala-SEPTIEMBRE-2023.pdf\">Directorio de Empleados y Servidores P\u00fablicos de la Federaci\u00f3n Nacional de F\u00fatbol de Guatemala (SEPTIEMBRE 2023)<\/a><\/td><\/tr><tr><td class=\"has-text-align-right\" data-align=\"right\"><a href=\"https:\/\/fedefutguate.gt\/informacionpublica\/wp-content\/uploads\/2023\/11\/Directorio-de-Empleados-Y-Servidores-Publicos-de-la-Federacion-Nacional-de-Futbol-de-Guatemala-OCTUBRE-2023.pdf\"><img loading=\"lazy\" decoding=\"async\" width=\"50\" height=\"58\" class=\"wp-image-266\" style=\"width: 50px;\" src=\"https:\/\/fedefutguate.gt\/informacionpublica\/wp-content\/uploads\/2022\/02\/pngaaa.com-2621310.png\" alt=\"\"><\/a><\/td><td><a href=\"https:\/\/fedefutguate.gt\/informacionpublica\/wp-content\/uploads\/2023\/11\/Directorio-de-Empleados-Y-Servidores-Publicos-de-la-Federacion-Nacional-de-Futbol-de-Guatemala-OCTUBRE-2023.pdf\">Directorio de Empleados y Servidores P\u00fablicos de la Federaci\u00f3n Nacional de F\u00fatbol de Guatemala (OCTUBRE 2023)<\/a><\/td><\/tr><tr><td class=\"has-text-align-right\" data-align=\"right\"><a href=\"https:\/\/fedefutguate.gt\/informacionpublica\/wp-content\/uploads\/2023\/12\/Directorio-de-Empleados-Y-Servidores-Publicos-de-la-Federacion-Nacional-de-Futbol-de-Guatemala-NOVIEMBRE-2023.pdf\" target=\"_blank\" rel=\"noreferrer noopener\"><img loading=\"lazy\" decoding=\"async\" width=\"50\" height=\"58\" class=\"wp-image-266\" style=\"width: 50px;\" src=\"https:\/\/fedefutguate.gt\/informacionpublica\/wp-content\/uploads\/2022\/02\/pngaaa.com-2621310.png\" alt=\"\"><\/a><\/td><td><a href=\"https:\/\/fedefutguate.gt\/informacionpublica\/wp-content\/uploads\/2023\/12\/Directorio-de-Empleados-Y-Servidores-Publicos-de-la-Federacion-Nacional-de-Futbol-de-Guatemala-NOVIEMBRE-2023.pdf\" target=\"_blank\" rel=\"noreferrer noopener\">Directorio de Empleados y Servidores P\u00fablicos de la Federaci\u00f3n Nacional de F\u00fatbol de Guatemala (NOVIEMBRE 2023)<\/a><\/td><\/tr><tr><td class=\"has-text-align-right\" data-align=\"right\"><a href=\"https:\/\/fedefutguate.gt\/informacionpublica\/wp-content\/uploads\/2024\/01\/Directorio-de-Empleados-Y-Servidores-Publicos-de-la-Federacion-Nacional-de-Futbol-de-Guatemala-DICIEMBRE-2023.pdf\" target=\"_blank\" rel=\"noreferrer noopener\"><img loading=\"lazy\" decoding=\"async\" width=\"50\" height=\"58\" class=\"wp-image-266\" style=\"width: 50px;\" src=\"https:\/\/fedefutguate.gt\/informacionpublica\/wp-content\/uploads\/2022\/02\/pngaaa.com-2621310.png\" alt=\"\"><\/a><\/td><td><a href=\"https:\/\/fedefutguate.gt\/informacionpublica\/wp-content\/uploads\/2024\/01\/Directorio-de-Empleados-Y-Servidores-Publicos-de-la-Federacion-Nacional-de-Futbol-de-Guatemala-DICIEMBRE-2023.pdf\" target=\"_blank\" rel=\"noreferrer noopener\">Directorio de Empleados y Servidores P\u00fablicos de la Federaci\u00f3n Nacional de F\u00fatbol de Guatemala (DICIEMBRE 2023)<\/a><\/td><\/tr><\/tbody><\/table><\/figure>\n\n\n\n<p><\/p>\n","protected":false},"excerpt":{"rendered":"<p>Directorio de empleados y servidores p\u00fablicos, incluyendo n\u00fameros de tel\u00e9fono y direcciones de correo electr\u00f3nico oficiales no privados. Art\u00edculo 10, numeral 3 de la Ley de Acceso a la Informaci\u00f3n P\u00fablica Directorio de Empleados y Servidores P\u00fablicos de la Federaci\u00f3n Nacional de F\u00fatbol de Guatemala (ENERO 2023) Directorio de Empleados y Servidores P\u00fablicos de la &#8230; <a title=\"Directorio de Empleados y Servidores P\u00fablicos -2023 &#8211;\" class=\"read-more\" href=\"https:\/\/fedefutguate.gt\/informacionpublica\/2023-directorio-de-empleados-y-servidores-publicos\/\" aria-label=\"Read more about Directorio de Empleados y Servidores P\u00fablicos -2023 &#8211;\">Read more<\/a><\/p>\n","protected":false},"author":1,"featured_media":0,"parent":0,"menu_order":0,"comment_status":"closed","ping_status":"closed","template":"","meta":{"footnotes":""},"class_list":["post-2223","page","type-page","status-publish"],"_links":{"self":[{"href":"https:\/\/fedefutguate.gt\/informacionpublica\/wp-json\/wp\/v2\/pages\/2223","targetHints":{"allow":["GET"]}}],"collection":[{"href":"https:\/\/fedefutguate.gt\/informacionpublica\/wp-json\/wp\/v2\/pages"}],"about":[{"href":"https:\/\/fedefutguate.gt\/informacionpublica\/wp-json\/wp\/v2\/types\/page"}],"author":[{"embeddable":true,"href":"https:\/\/fedefutguate.gt\/informacionpublica\/wp-json\/wp\/v2\/users\/1"}],"replies":[{"embeddable":true,"href":"https:\/\/fedefutguate.gt\/informacionpublica\/wp-json\/wp\/v2\/comments?post=2223"}],"version-history":[{"count":13,"href":"https:\/\/fedefutguate.gt\/informacionpublica\/wp-json\/wp\/v2\/pages\/2223\/revisions"}],"predecessor-version":[{"id":3829,"href":"https:\/\/fedefutguate.gt\/informacionpublica\/wp-json\/wp\/v2\/pages\/2223\/revisions\/3829"}],"wp:attachment":[{"href":"https:\/\/fedefutguate.gt\/informacionpublica\/wp-json\/wp\/v2\/media?parent=2223"}],"curies":[{"name":"wp","href":"https:\/\/api.w.org\/{rel}","templated":true}]}}