{"id":2749,"date":"2023-03-31T17:41:39","date_gmt":"2023-03-31T15:41:39","guid":{"rendered":"https:\/\/fedefutguate.gt\/informacionpublica\/?page_id=2749"},"modified":"2024-02-26T16:00:50","modified_gmt":"2024-02-26T15:00:50","slug":"decreto-54-2022-articulo-17","status":"publish","type":"page","link":"https:\/\/fedefutguate.gt\/informacionpublica\/decreto-54-2022-articulo-17\/","title":{"rendered":"TRANSPARENCIA Y EFICIENCIA DEL GASTO P\u00daBLICO"},"content":{"rendered":"\n<p>Art\u00edculo 20<\/p>\n\n\n\n<p>DECRETO 54-2022 \u201cLEY DEL PRESUPUESTO GENERAL DE INGRESOS Y EGRESOS DEL ESTADO PARA EL EJERCICIO FISCAL DOS MIL VEINTITR\u00c9S\u201d<\/p>\n\n\n\n<figure class=\"wp-block-table is-style-stripes\"><table><tbody><tr><td class=\"has-text-align-center\" data-align=\"center\"><a href=\"https:\/\/fedefutguate.gt\/informacionpublica\/wp-content\/uploads\/2023\/05\/Informe-de-Ejecucion-Presupuestaria-de-Ingresos-y-Egresos-del-1-de-enero-al-30-de-abril-2023.pdf\" target=\"_blank\" rel=\"noreferrer noopener\"><img loading=\"lazy\" decoding=\"async\" width=\"50\" height=\"58\" class=\"wp-image-266\" style=\"width: 50px;\" src=\"https:\/\/fedefutguate.gt\/informacionpublica\/wp-content\/uploads\/2022\/02\/pngaaa.com-2621310.png\" alt=\"\"><\/a><\/td><td>        <strong>  <a rel=\"noreferrer noopener\" href=\"https:\/\/fedefutguate.gt\/informacionpublica\/wp-content\/uploads\/2023\/05\/Informe-de-Ejecucion-Presupuestaria-de-Ingresos-y-Egresos-del-1-de-enero-al-30-de-abril-2023.pdf\" target=\"_blank\">Transparencia y eficiencia del gasto p\u00fablico Abril<\/a><\/strong><\/td><\/tr><tr><td class=\"has-text-align-center\" data-align=\"center\"><a href=\"https:\/\/fedefutguate.gt\/informacionpublica\/wp-content\/uploads\/2023\/05\/Informe-de-Ejecucion-Presupuestaria-de-Ingresos-y-Egresos-del-01-de-enero-al-30-de-abril-2023.docx\" target=\"_blank\" rel=\"noreferrer noopener\"><img loading=\"lazy\" decoding=\"async\" width=\"50\" height=\"44\" class=\"wp-image-1824\" style=\"width: 50px;\" src=\"https:\/\/fedefutguate.gt\/informacionpublica\/wp-content\/uploads\/2022\/11\/word.jpg\" alt=\"\"><\/a><\/td><td>     <strong>     <a rel=\"noreferrer noopener\" href=\"https:\/\/fedefutguate.gt\/informacionpublica\/wp-content\/uploads\/2023\/05\/Informe-de-Ejecucion-Presupuestaria-de-Ingresos-y-Egresos-del-01-de-enero-al-30-de-abril-2023.docx\" target=\"_blank\"> Transparencia y eficiencia del gasto p\u00fablico Abril<\/a><\/strong><\/td><\/tr><tr><td class=\"has-text-align-center\" data-align=\"center\"><a href=\"https:\/\/fedefutguate.gt\/informacionpublica\/wp-content\/uploads\/2023\/09\/Informe-de-Ejecucion-Presupuestaria-de-Ingresos-y-Egresos-del-01-de-enero-al-31-de-agosto-2023.pdf\"><img loading=\"lazy\" decoding=\"async\" width=\"50\" height=\"58\" class=\"wp-image-266\" style=\"width: 50px;\" src=\"https:\/\/fedefutguate.gt\/informacionpublica\/wp-content\/uploads\/2022\/02\/pngaaa.com-2621310.png\" alt=\"\"><\/a><\/td><td>        <strong>  <a href=\"https:\/\/fedefutguate.gt\/informacionpublica\/wp-content\/uploads\/2023\/09\/Informe-de-Ejecucion-Presupuestaria-de-Ingresos-y-Egresos-del-01-de-enero-al-31-de-agosto-2023.pdf\">Transparencia y eficiencia del gasto p\u00fablico Agosto<\/a><\/strong><\/td><\/tr><tr><td class=\"has-text-align-center\" data-align=\"center\"><a href=\"https:\/\/fedefutguate.gt\/informacionpublica\/wp-content\/uploads\/2023\/09\/Informe-de-Ejecucion-Presupuestaria-de-Ingresos-y-Egresos-del-01-de-enero-al-31-de-agosto-2023.docx\"><img loading=\"lazy\" decoding=\"async\" width=\"50\" height=\"44\" class=\"wp-image-1824\" style=\"width: 50px;\" src=\"https:\/\/fedefutguate.gt\/informacionpublica\/wp-content\/uploads\/2022\/11\/word.jpg\" alt=\"\"><\/a><\/td><td>        <strong>  <a href=\"https:\/\/fedefutguate.gt\/informacionpublica\/wp-content\/uploads\/2023\/09\/Informe-de-Ejecucion-Presupuestaria-de-Ingresos-y-Egresos-del-01-de-enero-al-31-de-agosto-2023.docx\">Transparencia y eficiencia del gasto p\u00fablico Agosto<\/a><\/strong><\/td><\/tr><tr><td class=\"has-text-align-center\" data-align=\"center\"><a href=\"https:\/\/fedefutguate.gt\/informacionpublica\/wp-content\/uploads\/2024\/02\/Informe-de-Ejecucion-Presupuestaria-de-Ingresos-y-Egresos-del-01-de-enero-al-31-de-diciembre-2023.pdf\"><img loading=\"lazy\" decoding=\"async\" width=\"50\" height=\"58\" class=\"wp-image-266\" style=\"width: 50px;\" src=\"https:\/\/fedefutguate.gt\/informacionpublica\/wp-content\/uploads\/2022\/02\/pngaaa.com-2621310.png\" alt=\"\"><\/a><\/td><td>          <a href=\"https:\/\/fedefutguate.gt\/informacionpublica\/wp-content\/uploads\/2024\/02\/Informe-de-Ejecucion-Presupuestaria-de-Ingresos-y-Egresos-del-01-de-enero-al-31-de-diciembre-2023.pdf\"><strong>Transparencia y eficiencia del gasto p\u00fablico Diciembre<\/strong><\/a><\/td><\/tr><tr><td class=\"has-text-align-center\" data-align=\"center\"><a href=\"https:\/\/fedefutguate.gt\/informacionpublica\/wp-content\/uploads\/2024\/02\/Informe-de-Ejecucion-Presupuestaria-de-Ingresos-y-Egresos-del-01-de-enero-al-31-de-diciembre-2023.docx\"><img loading=\"lazy\" decoding=\"async\" width=\"50\" height=\"44\" class=\"wp-image-1824\" style=\"width: 50px;\" src=\"https:\/\/fedefutguate.gt\/informacionpublica\/wp-content\/uploads\/2022\/11\/word.jpg\" alt=\"\"><\/a><\/td><td>          <strong><a href=\"https:\/\/fedefutguate.gt\/informacionpublica\/wp-content\/uploads\/2024\/02\/Informe-de-Ejecucion-Presupuestaria-de-Ingresos-y-Egresos-del-01-de-enero-al-31-de-diciembre-2023.docx\">Transparencia y eficiencia del gasto p\u00fablico Diciembre<\/a><\/strong><\/td><\/tr><\/tbody><\/table><\/figure>\n","protected":false},"excerpt":{"rendered":"<p>Art\u00edculo 20 DECRETO 54-2022 \u201cLEY DEL PRESUPUESTO GENERAL DE INGRESOS Y EGRESOS DEL ESTADO PARA EL EJERCICIO FISCAL DOS MIL VEINTITR\u00c9S\u201d Transparencia y eficiencia del gasto p\u00fablico Abril Transparencia y eficiencia del gasto p\u00fablico Abril Transparencia y eficiencia del gasto p\u00fablico Agosto Transparencia y eficiencia del gasto p\u00fablico Agosto Transparencia y eficiencia del gasto p\u00fablico &#8230; <a title=\"TRANSPARENCIA Y EFICIENCIA DEL GASTO P\u00daBLICO\" class=\"read-more\" href=\"https:\/\/fedefutguate.gt\/informacionpublica\/decreto-54-2022-articulo-17\/\" aria-label=\"Read more about TRANSPARENCIA Y EFICIENCIA DEL GASTO P\u00daBLICO\">Read more<\/a><\/p>\n","protected":false},"author":1,"featured_media":0,"parent":0,"menu_order":0,"comment_status":"closed","ping_status":"closed","template":"","meta":{"footnotes":""},"class_list":["post-2749","page","type-page","status-publish"],"_links":{"self":[{"href":"https:\/\/fedefutguate.gt\/informacionpublica\/wp-json\/wp\/v2\/pages\/2749","targetHints":{"allow":["GET"]}}],"collection":[{"href":"https:\/\/fedefutguate.gt\/informacionpublica\/wp-json\/wp\/v2\/pages"}],"about":[{"href":"https:\/\/fedefutguate.gt\/informacionpublica\/wp-json\/wp\/v2\/types\/page"}],"author":[{"embeddable":true,"href":"https:\/\/fedefutguate.gt\/informacionpublica\/wp-json\/wp\/v2\/users\/1"}],"replies":[{"embeddable":true,"href":"https:\/\/fedefutguate.gt\/informacionpublica\/wp-json\/wp\/v2\/comments?post=2749"}],"version-history":[{"count":5,"href":"https:\/\/fedefutguate.gt\/informacionpublica\/wp-json\/wp\/v2\/pages\/2749\/revisions"}],"predecessor-version":[{"id":4191,"href":"https:\/\/fedefutguate.gt\/informacionpublica\/wp-json\/wp\/v2\/pages\/2749\/revisions\/4191"}],"wp:attachment":[{"href":"https:\/\/fedefutguate.gt\/informacionpublica\/wp-json\/wp\/v2\/media?parent=2749"}],"curies":[{"name":"wp","href":"https:\/\/api.w.org\/{rel}","templated":true}]}}