{"id":2757,"date":"2023-03-31T17:51:51","date_gmt":"2023-03-31T15:51:51","guid":{"rendered":"https:\/\/fedefutguate.gt\/informacionpublica\/?page_id=2757"},"modified":"2024-02-01T21:35:42","modified_gmt":"2024-02-01T20:35:42","slug":"decreto-54-2022-articulo-20","status":"publish","type":"page","link":"https:\/\/fedefutguate.gt\/informacionpublica\/decreto-54-2022-articulo-20\/","title":{"rendered":"PUBLICACI\u00d3N DE INFORMES EN PORTALES WEB"},"content":{"rendered":"\n<p>Art\u00edculo 22<\/p>\n\n\n\n<p class=\"has-contrast-3-color has-text-color\">DECRETO 54-2022 \u201cLEY DEL PRESUPUESTO GENERAL DE INGRESOS Y EGRESOS DEL ESTADO PARA EL EJERCICIO FISCAL DOS MIL VEINTITR\u00c9S\u201d<\/p>\n\n\n\n<figure class=\"wp-block-table is-style-stripes\"><table><tbody><tr><td class=\"has-text-align-center\" data-align=\"center\"><a href=\"https:\/\/fedefutguate.gt\/informacionpublica\/wp-content\/uploads\/2023\/07\/ARTICULO-22-DTO-54-2022.pdf\" target=\"_blank\" rel=\"noreferrer noopener\"><img loading=\"lazy\" decoding=\"async\" width=\"50\" height=\"58\" class=\"wp-image-266\" style=\"width: 50px;\" src=\"https:\/\/fedefutguate.gt\/informacionpublica\/wp-content\/uploads\/2022\/02\/pngaaa.com-2621310.png\" alt=\"\"><\/a><\/td><td><a href=\"https:\/\/fedefutguate.gt\/informacionpublica\/wp-content\/uploads\/2023\/07\/ARTICULO-22-DTO-54-2022.pdf\" target=\"_blank\" rel=\"noreferrer noopener\">Primer Informe Cuatrimestral de Asesor\u00edas T\u00e9cnicas y Profesionales<\/a><\/td><\/tr><tr><td class=\"has-text-align-center\" data-align=\"center\"><a href=\"https:\/\/fedefutguate.gt\/informacionpublica\/wp-content\/uploads\/2023\/07\/1.-DECREO-54-2022-PRIMER-CUATRIMESTRE.xlsx\" target=\"_blank\" rel=\"noreferrer noopener\"><img loading=\"lazy\" decoding=\"async\" width=\"50\" height=\"50\" class=\"wp-image-1825\" style=\"width: 50px;\" src=\"https:\/\/fedefutguate.gt\/informacionpublica\/wp-content\/uploads\/2022\/11\/xls-icon-3379.png\" alt=\"\"><\/a><\/td><td><a href=\"https:\/\/fedefutguate.gt\/informacionpublica\/wp-content\/uploads\/2023\/07\/1.-DECREO-54-2022-PRIMER-CUATRIMESTRE.xlsx\" target=\"_blank\" rel=\"noreferrer noopener\">Primer Informe Cuatrimestral de Asesor\u00edas T\u00e9cnicas y Profesionales<\/a><\/td><\/tr><tr><td class=\"has-text-align-center\" data-align=\"center\"><a href=\"https:\/\/fedefutguate.gt\/informacionpublica\/wp-content\/uploads\/2023\/09\/ARTICULO-22-DECRETO-54-2022-SEGUNDO-CUATRIMESTRE.pdf\"><img loading=\"lazy\" decoding=\"async\" width=\"50\" height=\"58\" class=\"wp-image-266\" style=\"width: 50px;\" src=\"https:\/\/fedefutguate.gt\/informacionpublica\/wp-content\/uploads\/2022\/02\/pngaaa.com-2621310.png\" alt=\"\"><\/a><\/td><td><a href=\"https:\/\/fedefutguate.gt\/informacionpublica\/wp-content\/uploads\/2023\/09\/ARTICULO-22-DECRETO-54-2022-SEGUNDO-CUATRIMESTRE.pdf\">Segundo Informe Cuatrimestral de Asesor\u00edas T\u00e9cnicas y Profesionales<\/a><\/td><\/tr><tr><td class=\"has-text-align-center\" data-align=\"center\"><a href=\"https:\/\/fedefutguate.gt\/informacionpublica\/wp-content\/uploads\/2023\/09\/Art.-22-DECRETO-54-2022-Segundo-Cuatrimestre.xlsx\"><img loading=\"lazy\" decoding=\"async\" width=\"50\" height=\"50\" class=\"wp-image-1825\" style=\"width: 50px;\" src=\"https:\/\/fedefutguate.gt\/informacionpublica\/wp-content\/uploads\/2022\/11\/xls-icon-3379.png\" alt=\"\"><\/a><\/td><td><a href=\"https:\/\/fedefutguate.gt\/informacionpublica\/wp-content\/uploads\/2023\/09\/Art.-22-DECRETO-54-2022-Segundo-Cuatrimestre.xlsx\">Segundo Informe Cuatrimestral de Asesor\u00edas T\u00e9cnicas y Profesionales<\/a><\/td><\/tr><tr><td class=\"has-text-align-center\" data-align=\"center\"><a href=\"https:\/\/fedefutguate.gt\/informacionpublica\/wp-content\/uploads\/2024\/02\/Articulo-22-Decreto-54-2022-TERCER-CUATRIMESTRE.pdf\" target=\"_blank\" rel=\"noreferrer noopener\"><img loading=\"lazy\" decoding=\"async\" width=\"50\" height=\"58\" class=\"wp-image-266\" style=\"width: 50px;\" src=\"https:\/\/fedefutguate.gt\/informacionpublica\/wp-content\/uploads\/2022\/02\/pngaaa.com-2621310.png\" alt=\"\"><\/a><\/td><td><a href=\"https:\/\/fedefutguate.gt\/informacionpublica\/wp-content\/uploads\/2024\/02\/Articulo-22-Decreto-54-2022-TERCER-CUATRIMESTRE.pdf\" target=\"_blank\" rel=\"noreferrer noopener\">Tercer Informe Cuatrimestral de Asesor\u00edas T\u00e9cnicas y Profesionales<\/a><\/td><\/tr><tr><td class=\"has-text-align-center\" data-align=\"center\"><a href=\"https:\/\/fedefutguate.gt\/informacionpublica\/wp-content\/uploads\/2024\/02\/Articulo-22-DECRETO-54-2022-Tercer-cuatrimestre.xlsx\" target=\"_blank\" rel=\"noreferrer noopener\"><img loading=\"lazy\" decoding=\"async\" width=\"50\" height=\"50\" class=\"wp-image-1825\" style=\"width: 50px;\" src=\"https:\/\/fedefutguate.gt\/informacionpublica\/wp-content\/uploads\/2022\/11\/xls-icon-3379.png\" alt=\"\"><\/a><\/td><td><a href=\"https:\/\/fedefutguate.gt\/informacionpublica\/wp-content\/uploads\/2024\/02\/Articulo-22-DECRETO-54-2022-Tercer-cuatrimestre.xlsx\" target=\"_blank\" rel=\"noreferrer noopener\">Tercer Informe Cuatrimestral de Asesor\u00edas T\u00e9cnicas y Profesionales<\/a><\/td><\/tr><\/tbody><\/table><\/figure>\n","protected":false},"excerpt":{"rendered":"<p>Art\u00edculo 22 DECRETO 54-2022 \u201cLEY DEL PRESUPUESTO GENERAL DE INGRESOS Y EGRESOS DEL ESTADO PARA EL EJERCICIO FISCAL DOS MIL VEINTITR\u00c9S\u201d Primer Informe Cuatrimestral de Asesor\u00edas T\u00e9cnicas y Profesionales Primer Informe Cuatrimestral de Asesor\u00edas T\u00e9cnicas y Profesionales Segundo Informe Cuatrimestral de Asesor\u00edas T\u00e9cnicas y Profesionales Segundo Informe Cuatrimestral de Asesor\u00edas T\u00e9cnicas y Profesionales Tercer Informe &#8230; <a title=\"PUBLICACI\u00d3N DE INFORMES EN PORTALES WEB\" class=\"read-more\" href=\"https:\/\/fedefutguate.gt\/informacionpublica\/decreto-54-2022-articulo-20\/\" aria-label=\"Read more about PUBLICACI\u00d3N DE INFORMES EN PORTALES WEB\">Read more<\/a><\/p>\n","protected":false},"author":1,"featured_media":0,"parent":0,"menu_order":0,"comment_status":"closed","ping_status":"closed","template":"","meta":{"footnotes":""},"class_list":["post-2757","page","type-page","status-publish"],"_links":{"self":[{"href":"https:\/\/fedefutguate.gt\/informacionpublica\/wp-json\/wp\/v2\/pages\/2757","targetHints":{"allow":["GET"]}}],"collection":[{"href":"https:\/\/fedefutguate.gt\/informacionpublica\/wp-json\/wp\/v2\/pages"}],"about":[{"href":"https:\/\/fedefutguate.gt\/informacionpublica\/wp-json\/wp\/v2\/types\/page"}],"author":[{"embeddable":true,"href":"https:\/\/fedefutguate.gt\/informacionpublica\/wp-json\/wp\/v2\/users\/1"}],"replies":[{"embeddable":true,"href":"https:\/\/fedefutguate.gt\/informacionpublica\/wp-json\/wp\/v2\/comments?post=2757"}],"version-history":[{"count":11,"href":"https:\/\/fedefutguate.gt\/informacionpublica\/wp-json\/wp\/v2\/pages\/2757\/revisions"}],"predecessor-version":[{"id":3882,"href":"https:\/\/fedefutguate.gt\/informacionpublica\/wp-json\/wp\/v2\/pages\/2757\/revisions\/3882"}],"wp:attachment":[{"href":"https:\/\/fedefutguate.gt\/informacionpublica\/wp-json\/wp\/v2\/media?parent=2757"}],"curies":[{"name":"wp","href":"https:\/\/api.w.org\/{rel}","templated":true}]}}