{"id":299,"date":"2022-02-09T17:47:56","date_gmt":"2022-02-09T16:47:56","guid":{"rendered":"https:\/\/fedefutguate.gt\/informacionpublica\/?page_id=299"},"modified":"2023-02-08T20:36:11","modified_gmt":"2023-02-08T19:36:11","slug":"mision-vision-y-objetivos","status":"publish","type":"page","link":"https:\/\/fedefutguate.gt\/informacionpublica\/mision-vision-y-objetivos\/","title":{"rendered":"MISI\u00d3N, OBJETIVOS, PLAN OPERATIVO ANUAL Y RESULTADOS OBTENIDOS EN EL CUMPLIMIENTO DE LOS MISMOS"},"content":{"rendered":"\n<p class=\"has-contrast-2-color has-text-color\">La misi\u00f3n y objetivos de la instituci\u00f3n, su plan operativo anual y los resultados obtenidos en el cumplimiento de los mismos.<\/p>\n\n\n\n<p>Art\u00edculo 10, numeral 5 de la Ley de Acceso a la Informaci\u00f3n P\u00fablica.<\/p>\n\n\n\n<p><\/p>\n\n\n\n<figure class=\"wp-block-table is-style-stripes\"><table><tbody><tr><td><a href=\"https:\/\/fedefutguate.gt\/informacionpublica\/wp-content\/uploads\/2022\/02\/Mision-Vision-y-Objetivos-Estrategicos-FEDEFUT-2022.pdf\" target=\"_blank\" rel=\"noreferrer noopener\"><img loading=\"lazy\" decoding=\"async\" width=\"50\" height=\"58\" class=\"wp-image-266\" style=\"width: 50px;\" src=\"https:\/\/fedefutguate.gt\/informacionpublica\/wp-content\/uploads\/2022\/02\/pngaaa.com-2621310.png\" alt=\"\"><\/a><\/td><td><a href=\"https:\/\/fedefutguate.gt\/informacionpublica\/wp-content\/uploads\/2022\/02\/Mision-Vision-y-Objetivos-Estrategicos-FEDEFUT-2022.pdf\" target=\"_blank\" rel=\"noreferrer noopener\">Misi\u00f3n, Visi\u00f3n y Objetivos Estrat\u00e9gicos de la Federaci\u00f3n Nacional de F\u00fatbol de Guatemala 2022<\/a><\/td><\/tr><tr><td><a href=\"https:\/\/fedefutguate.gt\/informacionpublica\/wp-content\/uploads\/2022\/02\/PEI-POM-POA-2022.pdf\" target=\"_blank\" rel=\"noreferrer noopener\"><img loading=\"lazy\" decoding=\"async\" width=\"50\" height=\"58\" class=\"wp-image-266\" style=\"width: 50px;\" src=\"https:\/\/fedefutguate.gt\/informacionpublica\/wp-content\/uploads\/2022\/02\/pngaaa.com-2621310.png\" alt=\"\"><\/a><\/td><td><a href=\"https:\/\/fedefutguate.gt\/informacionpublica\/wp-content\/uploads\/2022\/02\/PEI-POM-POA-2022.pdf\" target=\"_blank\" rel=\"noreferrer noopener\">Plan Estrat\u00e9gico Institucional (PEI 2022-2026) Plan Operativo Multianual (POM 2022-2026) Plan Operativo Anual (POA 2022)<\/a><\/td><\/tr><tr><td><a href=\"https:\/\/fedefutguate.gt\/informacionpublica\/wp-content\/uploads\/2022\/02\/TERCER-Informe-cuatrimestral-septiembre-diciembre-de-avances-de-metas-sobre-ejecuci-n-f-sica-y-financiera-del-ejercicio-fiscal-2021.pdf\" target=\"_blank\" rel=\"noreferrer noopener\"><img loading=\"lazy\" decoding=\"async\" width=\"50\" height=\"58\" class=\"wp-image-266\" style=\"width: 50px;\" src=\"https:\/\/fedefutguate.gt\/informacionpublica\/wp-content\/uploads\/2022\/02\/pngaaa.com-2621310.png\" alt=\"\"><\/a><\/td><td><a rel=\"noreferrer noopener\" href=\"https:\/\/fedefutguate.gt\/informacionpublica\/wp-content\/uploads\/2022\/02\/TERCER-Informe-cuatrimestral-septiembre-diciembre-de-avances-de-metas-sobre-ejecuci-n-f-sica-y-financiera-del-ejercicio-fiscal-2021.pdf\" target=\"_blank\">TERCER INFORME CUATRIMESTRAL  de Avances de Metas sobre Ejecuci\u00f3n F\u00edsica y Financiera del Ejercicio Fiscal 2021<\/a> <a rel=\"noreferrer noopener\" href=\"https:\/\/fedefutguate.gt\/informacionpublica\/wp-content\/uploads\/2022\/02\/TERCER-Informe-cuatrimestral-septiembre-diciembre-de-avances-de-metas-sobre-ejecuci-n-f-sica-y-financiera-del-ejercicio-fiscal-2021.pdf\" target=\"_blank\">(septiembre-diciembre)<\/a><\/td><\/tr><tr><td><a href=\"https:\/\/fedefutguate.gt\/informacionpublica\/wp-content\/uploads\/2022\/02\/Justificacion-Tecnica-5.pdf\" target=\"_blank\" rel=\"noreferrer noopener\"><img loading=\"lazy\" decoding=\"async\" width=\"50\" height=\"58\" class=\"wp-image-266\" style=\"width: 50px;\" src=\"https:\/\/fedefutguate.gt\/informacionpublica\/wp-content\/uploads\/2022\/02\/pngaaa.com-2621310.png\" alt=\"\"><\/a><\/td><td><a href=\"https:\/\/fedefutguate.gt\/informacionpublica\/wp-content\/uploads\/2022\/02\/Justificacion-Tecnica-5.pdf\" target=\"_blank\" rel=\"noreferrer noopener\">OFICIO FNFG-UPI-018-2022-K.F.E.P.A. (Justificaci\u00f3n T\u00e9cnica Informe Cuatrimestral)<\/a><\/td><\/tr><tr><td><a href=\"https:\/\/fedefutguate.gt\/informacionpublica\/wp-content\/uploads\/2022\/06\/PRIMER-Informe-cuatrimestral-enero-abril-de-avances-de-metas-sobre-ejecucion-fisica-y-financiera-del-ejercicio-fiscal-2022.pdf\" target=\"_blank\" rel=\"noreferrer noopener\"><img loading=\"lazy\" decoding=\"async\" width=\"50\" height=\"58\" class=\"wp-image-266\" style=\"width: 50px;\" src=\"https:\/\/fedefutguate.gt\/informacionpublica\/wp-content\/uploads\/2022\/02\/pngaaa.com-2621310.png\" alt=\"\"><\/a><\/td><td><a rel=\"noreferrer noopener\" href=\"http:\/\/libreacceso.fedefutguate.org\/informacion-publica\/ano-2021\/send\/280-mision-vision-y-objetivos\/1334-8-primer-informe-cuatrimestral-enero-abril-de-avances-de-metas-sobre-ejecucion-fisica-y-financiera-del-ejercicio-fiscal-2021.html\" target=\"_blank\">&nbsp;<\/a><a rel=\"noreferrer noopener\" href=\"https:\/\/fedefutguate.gt\/informacionpublica\/wp-content\/uploads\/2022\/06\/PRIMER-Informe-cuatrimestral-enero-abril-de-avances-de-metas-sobre-ejecucion-fisica-y-financiera-del-ejercicio-fiscal-2022.pdf\" target=\"_blank\">PRIMER Informe cuatrimestral (enero-abril) de avances de metas sobre ejecuci\u00f3n f\u00edsica y financiera del ejercicio fiscal 202<\/a>2<\/td><\/tr><tr><td><a href=\"https:\/\/fedefutguate.gt\/informacionpublica\/wp-content\/uploads\/2022\/09\/SEGUNDO-Informe-cuatrimestral-mayo-agosto-de-avances-de-metas-sobre-ejecucion-fisica-y-financiera-del-ejercicio-fiscal-2022.pdf\" target=\"_blank\" rel=\"noreferrer noopener\"><img loading=\"lazy\" decoding=\"async\" width=\"50\" height=\"58\" class=\"wp-image-266\" style=\"width: 50px;\" src=\"https:\/\/fedefutguate.gt\/informacionpublica\/wp-content\/uploads\/2022\/02\/pngaaa.com-2621310.png\" alt=\"\"><\/a><\/td><td><a rel=\"noreferrer noopener\" href=\"https:\/\/fedefutguate.gt\/informacionpublica\/wp-content\/uploads\/2022\/09\/SEGUNDO-Informe-cuatrimestral-mayo-agosto-de-avances-de-metas-sobre-ejecucion-fisica-y-financiera-del-ejercicio-fiscal-2022.pdf\" target=\"_blank\">&nbsp;SEGUNDO Informe cuatrimestral (mayo-agosto) de avances de metas sobre ejecuci\u00f3n f\u00edsica y financiera del ejercicio fiscal 2022<\/a><\/td><\/tr><tr><td><a href=\"https:\/\/fedefutguate.gt\/informacionpublica\/wp-content\/uploads\/2023\/01\/TERCER-Informe-cuatrimestral-septiembre-diciembre-de-avances-de-metas-e-indicadores-de-desempeno-y-calidad-del-gasto-publico.pdf\" target=\"_blank\" rel=\"noreferrer noopener\"><img loading=\"lazy\" decoding=\"async\" width=\"50\" height=\"58\" class=\"wp-image-266\" style=\"width: 50px;\" src=\"https:\/\/fedefutguate.gt\/informacionpublica\/wp-content\/uploads\/2022\/02\/pngaaa.com-2621310.png\" alt=\"\"><\/a><\/td><td>&nbsp;<a href=\"https:\/\/fedefutguate.gt\/informacionpublica\/wp-content\/uploads\/2023\/01\/TERCER-Informe-cuatrimestral-septiembre-diciembre-de-avances-de-metas-e-indicadores-de-desempeno-y-calidad-del-gasto-publico.pdf\" target=\"_blank\" rel=\"noreferrer noopener\">TERCER Informe cuatrimestral (septiembre-diciembre) de avances de metas sobre ejecuci\u00f3n f\u00edsica y financiera del ejercicio fiscal 2022<\/a><\/td><\/tr><tr><td><a href=\"https:\/\/fedefutguate.gt\/informacionpublica\/wp-content\/uploads\/2023\/01\/Actualizacion-de-los-Instrumentos-de-Evaluacion-periodo-2022-2026-Plan-Estrategico-Institucional-2022-2026-Plan-Operativo-Anual-2022-y-Plan-Operativo-Multianual-2022-2026.pdf\" target=\"_blank\" rel=\"noreferrer noopener\"><img loading=\"lazy\" decoding=\"async\" width=\"50\" height=\"58\" class=\"wp-image-266\" style=\"width: 50px;\" src=\"https:\/\/fedefutguate.gt\/informacionpublica\/wp-content\/uploads\/2022\/02\/pngaaa.com-2621310.png\" alt=\"\"><\/a><\/td><td><a href=\"https:\/\/fedefutguate.gt\/informacionpublica\/wp-content\/uploads\/2023\/01\/Actualizacion-de-los-Instrumentos-de-Evaluacion-periodo-2022-2026-Plan-Estrategico-Institucional-2022-2026-Plan-Operativo-Anual-2022-y-Plan-Operativo-Multianual-2022-2026.pdf\" target=\"_blank\" rel=\"noreferrer noopener\">Actualizaci\u00f3n de los Instrumentos de Evaluaci\u00f3n per\u00edodo 2022-2026 ( Plan Estrat\u00e9gico Institucional 2022-2026, Plan Operativo Anual 2022 y Plan Operativo Multianual 2022-2026)<\/a><\/td><\/tr><\/tbody><\/table><\/figure>\n\n\n\n<p><\/p>\n","protected":false},"excerpt":{"rendered":"<p>La misi\u00f3n y objetivos de la instituci\u00f3n, su plan operativo anual y los resultados obtenidos en el cumplimiento de los mismos. Art\u00edculo 10, numeral 5 de la Ley de Acceso a la Informaci\u00f3n P\u00fablica. Misi\u00f3n, Visi\u00f3n y Objetivos Estrat\u00e9gicos de la Federaci\u00f3n Nacional de F\u00fatbol de Guatemala 2022 Plan Estrat\u00e9gico Institucional (PEI 2022-2026) Plan Operativo &#8230; <a title=\"MISI\u00d3N, OBJETIVOS, PLAN OPERATIVO ANUAL Y RESULTADOS OBTENIDOS EN EL CUMPLIMIENTO DE LOS MISMOS\" class=\"read-more\" href=\"https:\/\/fedefutguate.gt\/informacionpublica\/mision-vision-y-objetivos\/\" aria-label=\"Read more about MISI\u00d3N, OBJETIVOS, PLAN OPERATIVO ANUAL Y RESULTADOS OBTENIDOS EN EL CUMPLIMIENTO DE LOS MISMOS\">Read more<\/a><\/p>\n","protected":false},"author":1,"featured_media":0,"parent":0,"menu_order":0,"comment_status":"closed","ping_status":"closed","template":"","meta":{"footnotes":""},"class_list":["post-299","page","type-page","status-publish"],"_links":{"self":[{"href":"https:\/\/fedefutguate.gt\/informacionpublica\/wp-json\/wp\/v2\/pages\/299","targetHints":{"allow":["GET"]}}],"collection":[{"href":"https:\/\/fedefutguate.gt\/informacionpublica\/wp-json\/wp\/v2\/pages"}],"about":[{"href":"https:\/\/fedefutguate.gt\/informacionpublica\/wp-json\/wp\/v2\/types\/page"}],"author":[{"embeddable":true,"href":"https:\/\/fedefutguate.gt\/informacionpublica\/wp-json\/wp\/v2\/users\/1"}],"replies":[{"embeddable":true,"href":"https:\/\/fedefutguate.gt\/informacionpublica\/wp-json\/wp\/v2\/comments?post=299"}],"version-history":[{"count":23,"href":"https:\/\/fedefutguate.gt\/informacionpublica\/wp-json\/wp\/v2\/pages\/299\/revisions"}],"predecessor-version":[{"id":2184,"href":"https:\/\/fedefutguate.gt\/informacionpublica\/wp-json\/wp\/v2\/pages\/299\/revisions\/2184"}],"wp:attachment":[{"href":"https:\/\/fedefutguate.gt\/informacionpublica\/wp-json\/wp\/v2\/media?parent=299"}],"curies":[{"name":"wp","href":"https:\/\/api.w.org\/{rel}","templated":true}]}}