{"id":3901,"date":"2024-02-07T00:23:52","date_gmt":"2024-02-06T23:23:52","guid":{"rendered":"https:\/\/fedefutguate.gt\/informacionpublica\/?page_id=3901"},"modified":"2025-02-03T22:24:09","modified_gmt":"2025-02-03T21:24:09","slug":"numero-y-nombre-de-funcionarios-servidores-publicos-empleados-asesores-y-sus-remuneraciones-2024","status":"publish","type":"page","link":"https:\/\/fedefutguate.gt\/informacionpublica\/numero-y-nombre-de-funcionarios-servidores-publicos-empleados-asesores-y-sus-remuneraciones-2024\/","title":{"rendered":"N\u00daMERO Y NOMBRE DE FUNCIONARIOS, SERVIDORES P\u00daBLICOS, EMPLEADOS, ASESORES Y SUS REMUNERACIONES -2024-"},"content":{"rendered":"\n<p class=\"has-contrast-2-color has-text-color\">N\u00famero y nombre de funcionarios, servidores p\u00fablicos, empleados y asesores que laboran en el sujeto obligado y todas sus dependencias, incluyendo salarios que corresponden a cada cargo, honorarios, dietas, bonos, vi\u00e1ticos o cualquier otra remuneraci\u00f3n econ\u00f3mica que perciban por cualquier concepto.<\/p>\n\n\n\n<p>Art\u00edculo 10, numeral 4 de la Ley de Acceso a la Informaci\u00f3n P\u00fablica <\/p>\n\n\n\n<figure class=\"wp-block-table is-style-stripes has-small-font-size\"><table><tbody><tr><td class=\"has-text-align-right\" data-align=\"right\"><a href=\"https:\/\/fedefutguate.gt\/informacionpublica\/wp-content\/uploads\/2024\/02\/Remuneraciones-de-Empleados-y-Servidores-Publicos-de-la-Federacion-Nacional-de-Futbol-de-Guatemala-ENERO-2024.pdf\" target=\"_blank\" rel=\"noreferrer noopener\"><img loading=\"lazy\" decoding=\"async\" width=\"50\" height=\"58\" class=\"wp-image-266\" style=\"width: 50px;\" src=\"https:\/\/fedefutguate.gt\/informacionpublica\/wp-content\/uploads\/2022\/02\/pngaaa.com-2621310.png\" alt=\"\"><\/a><\/td><td><a href=\"https:\/\/fedefutguate.gt\/informacionpublica\/wp-content\/uploads\/2024\/02\/Remuneraciones-de-Empleados-y-Servidores-Publicos-de-la-Federacion-Nacional-de-Futbol-de-Guatemala-ENERO-2024.pdf\" target=\"_blank\" rel=\"noreferrer noopener\">Remuneraciones de Empleados y Servidores P\u00fablicos de la Federaci\u00f3n Nacional de F\u00fatbol de Guatemala (ENERO 2024)<\/a><\/td><\/tr><tr><td class=\"has-text-align-right\" data-align=\"right\"><a href=\"https:\/\/fedefutguate.gt\/informacionpublica\/wp-content\/uploads\/2024\/03\/Remuneraciones-de-Empleados-y-Servidores-Publicos-de-la-Federacion-Nacional-de-Futbol-de-Guatemala-FEBRERO-2024.pdf\" target=\"_blank\" rel=\"noreferrer noopener\"><img loading=\"lazy\" decoding=\"async\" width=\"50\" height=\"58\" class=\"wp-image-266\" style=\"width: 50px;\" src=\"https:\/\/fedefutguate.gt\/informacionpublica\/wp-content\/uploads\/2022\/02\/pngaaa.com-2621310.png\" alt=\"\"><\/a><\/td><td><br><a href=\"https:\/\/fedefutguate.gt\/informacionpublica\/wp-content\/uploads\/2024\/03\/Remuneraciones-de-Empleados-y-Servidores-Publicos-de-la-Federacion-Nacional-de-Futbol-de-Guatemala-FEBRERO-2024.pdf\" target=\"_blank\" rel=\"noreferrer noopener\">Remuneraciones de Empleados y Servidores P\u00fablicos de la Federaci\u00f3n Nacional de F\u00fatbol de Guatemala (FEBRERO 2024)<\/a><\/td><\/tr><tr><td class=\"has-text-align-right\" data-align=\"right\"><a href=\"https:\/\/fedefutguate.gt\/informacionpublica\/wp-content\/uploads\/2024\/04\/Remuneraciones-de-Empleados-y-Servidores-Publicos-de-la-Federacion-Nacional-de-Futbol-de-Guatemala-MARZO-2024.pdf\"><img loading=\"lazy\" decoding=\"async\" width=\"50\" height=\"58\" class=\"wp-image-266\" style=\"width: 50px;\" src=\"https:\/\/fedefutguate.gt\/informacionpublica\/wp-content\/uploads\/2022\/02\/pngaaa.com-2621310.png\" alt=\"\"><\/a><\/td><td><a href=\"https:\/\/fedefutguate.gt\/informacionpublica\/wp-content\/uploads\/2024\/04\/Remuneraciones-de-Empleados-y-Servidores-Publicos-de-la-Federacion-Nacional-de-Futbol-de-Guatemala-MARZO-2024.pdf\"><br>Remuneraciones de Empleados y Servidores P\u00fablicos de la Federaci\u00f3n Nacional de F\u00fatbol de Guatemala (MARZO 2024)<\/a><\/td><\/tr><tr><td class=\"has-text-align-right\" data-align=\"right\"><a href=\"https:\/\/fedefutguate.gt\/informacionpublica\/wp-content\/uploads\/2024\/05\/Remuneraciones-de-Empleados-y-Servidores-Publicos-de-la-Federacion-Nacional-de-Futbol-de-Guatemala-ABRIL-2024-1.pdf\"><img loading=\"lazy\" decoding=\"async\" width=\"50\" height=\"58\" class=\"wp-image-266\" style=\"width: 50px;\" src=\"https:\/\/fedefutguate.gt\/informacionpublica\/wp-content\/uploads\/2022\/02\/pngaaa.com-2621310.png\" alt=\"\"><\/a><\/td><td><a href=\"https:\/\/fedefutguate.gt\/informacionpublica\/wp-content\/uploads\/2024\/05\/Remuneraciones-de-Empleados-y-Servidores-Publicos-de-la-Federacion-Nacional-de-Futbol-de-Guatemala-ABRIL-2024-1.pdf\">Remuneraciones de Empleados y Servidores P\u00fablicos de la Federaci\u00f3n Nacional de F\u00fatbol de Guatemala (ABRIL 2024)<\/a><\/td><\/tr><tr><td class=\"has-text-align-right\" data-align=\"right\"><a href=\"https:\/\/fedefutguate.gt\/informacionpublica\/wp-content\/uploads\/2024\/06\/Remuneraciones-de-Empleados-y-Servidores-Publicos-de-la-Federacion-Nacional-de-Futbol-de-Guatemala-MAYO-2024.pdf\"><img loading=\"lazy\" decoding=\"async\" width=\"50\" height=\"58\" class=\"wp-image-266\" style=\"width: 50px;\" src=\"https:\/\/fedefutguate.gt\/informacionpublica\/wp-content\/uploads\/2022\/02\/pngaaa.com-2621310.png\" alt=\"\"><\/a><\/td><td><a href=\"https:\/\/fedefutguate.gt\/informacionpublica\/wp-content\/uploads\/2024\/06\/Remuneraciones-de-Empleados-y-Servidores-Publicos-de-la-Federacion-Nacional-de-Futbol-de-Guatemala-MAYO-2024.pdf\">Remuneraciones de Empleados y Servidores P\u00fablicos de la Federaci\u00f3n Nacional de F\u00fatbol de Guatemala (MAYO 2024)<\/a><\/td><\/tr><tr><td class=\"has-text-align-right\" data-align=\"right\"><a href=\"https:\/\/fedefutguate.gt\/informacionpublica\/wp-content\/uploads\/2024\/07\/Remuneraciones-de-Empleados-y-Servidores-Publicos-de-la-Federacion-Nacional-de-Futbol-de-Guatemala-JUNIO-2024.pdf\"><img loading=\"lazy\" decoding=\"async\" width=\"50\" height=\"58\" class=\"wp-image-266\" style=\"width: 50px;\" src=\"https:\/\/fedefutguate.gt\/informacionpublica\/wp-content\/uploads\/2022\/02\/pngaaa.com-2621310.png\" alt=\"\"><\/a><\/td><td><a href=\"https:\/\/fedefutguate.gt\/informacionpublica\/wp-content\/uploads\/2024\/07\/Remuneraciones-de-Empleados-y-Servidores-Publicos-de-la-Federacion-Nacional-de-Futbol-de-Guatemala-JUNIO-2024.pdf\">Remuneraciones de Empleados y Servidores P\u00fablicos de la Federaci\u00f3n Nacional de F\u00fatbol de Guatemala (JUNIO 2024)<\/a><\/td><\/tr><tr><td class=\"has-text-align-right\" data-align=\"right\"><a href=\"https:\/\/fedefutguate.gt\/informacionpublica\/wp-content\/uploads\/2024\/08\/Remuneraciones-de-Empleados-y-Servidores-Publicos-de-la-Federacion-Nacional-de-Futbol-de-Guatemala-JULIO-2024.pdf\"><img loading=\"lazy\" decoding=\"async\" width=\"50\" height=\"58\" class=\"wp-image-266\" style=\"width: 50px;\" src=\"https:\/\/fedefutguate.gt\/informacionpublica\/wp-content\/uploads\/2022\/02\/pngaaa.com-2621310.png\" alt=\"\"><\/a><\/td><td><a href=\"https:\/\/fedefutguate.gt\/informacionpublica\/wp-content\/uploads\/2024\/08\/Remuneraciones-de-Empleados-y-Servidores-Publicos-de-la-Federacion-Nacional-de-Futbol-de-Guatemala-JULIO-2024.pdf\">Remuneraciones de Empleados y Servidores P\u00fablicos de la Federaci\u00f3n Nacional de F\u00fatbol de Guatemala (JULIO 2024)<\/a><\/td><\/tr><tr><td class=\"has-text-align-right\" data-align=\"right\"><a href=\"https:\/\/fedefutguate.gt\/informacionpublica\/wp-content\/uploads\/2024\/09\/Remuneraciones-de-Empleados-y-Servidores-Publicos-de-la-Federacion-Nacional-de-Futbol-de-Guatemala-AGOSTO-2024-2.pdf\"><img loading=\"lazy\" decoding=\"async\" width=\"50\" height=\"58\" class=\"wp-image-266\" style=\"width: 50px;\" src=\"https:\/\/fedefutguate.gt\/informacionpublica\/wp-content\/uploads\/2022\/02\/pngaaa.com-2621310.png\" alt=\"\"><\/a><\/td><td><a href=\"https:\/\/fedefutguate.gt\/informacionpublica\/wp-content\/uploads\/2024\/09\/Remuneraciones-de-Empleados-y-Servidores-Publicos-de-la-Federacion-Nacional-de-Futbol-de-Guatemala-AGOSTO-2024-2.pdf\">Remuneraciones de Empleados y Servidores P\u00fablicos de la Federaci\u00f3n Nacional de F\u00fatbol de Guatemala (AGOSTO 2024)<\/a><\/td><\/tr><tr><td class=\"has-text-align-right\" data-align=\"right\"><a href=\"https:\/\/fedefutguate.gt\/informacionpublica\/wp-content\/uploads\/2024\/10\/Remuneraciones-de-Empleados-y-Servidores-Publicos-de-la-Federacion-Nacional-de-Futbol-de-Guatemala-SEPTIEMBRE-2024.pdf\"><img loading=\"lazy\" decoding=\"async\" width=\"50\" height=\"58\" class=\"wp-image-266\" style=\"width: 50px;\" src=\"https:\/\/fedefutguate.gt\/informacionpublica\/wp-content\/uploads\/2022\/02\/pngaaa.com-2621310.png\" alt=\"\"><\/a><\/td><td><a href=\"https:\/\/fedefutguate.gt\/informacionpublica\/wp-content\/uploads\/2024\/10\/Remuneraciones-de-Empleados-y-Servidores-Publicos-de-la-Federacion-Nacional-de-Futbol-de-Guatemala-SEPTIEMBRE-2024.pdf\">Remuneraciones de Empleados y Servidores P\u00fablicos de la Federaci\u00f3n Nacional de F\u00fatbol de Guatemala (SEPTIEMBRE 2024)<\/a><\/td><\/tr><tr><td class=\"has-text-align-right\" data-align=\"right\"><a href=\"https:\/\/fedefutguate.gt\/informacionpublica\/wp-content\/uploads\/2024\/11\/Remuneraciones-de-Empleados-y-Servidores-Publicos-de-la-Federacion-Nacional-de-Futbol-de-Guatemala-OCTUBRE-2024.pdf\"><img loading=\"lazy\" decoding=\"async\" width=\"50\" height=\"58\" class=\"wp-image-266\" style=\"width: 50px;\" src=\"https:\/\/fedefutguate.gt\/informacionpublica\/wp-content\/uploads\/2022\/02\/pngaaa.com-2621310.png\" alt=\"\"><\/a><\/td><td><a href=\"https:\/\/fedefutguate.gt\/informacionpublica\/wp-content\/uploads\/2024\/11\/Remuneraciones-de-Empleados-y-Servidores-Publicos-de-la-Federacion-Nacional-de-Futbol-de-Guatemala-OCTUBRE-2024.pdf\">Remuneraciones de Empleados y Servidores P\u00fablicos de la Federaci\u00f3n Nacional de F\u00fatbol de Guatemala (OCTUBRE 2024)<\/a><\/td><\/tr><tr><td class=\"has-text-align-right\" data-align=\"right\"><a href=\"https:\/\/fedefutguate.gt\/informacionpublica\/wp-content\/uploads\/2024\/12\/Directorio-de-Empleados-Y-Servidores-Publicos-de-la-Federacion-Nacional-de-Futbol-de-Guatemala-NOVIEMBRE-2024.pdf\"><img loading=\"lazy\" decoding=\"async\" width=\"50\" height=\"58\" class=\"wp-image-266\" style=\"width: 50px;\" src=\"https:\/\/fedefutguate.gt\/informacionpublica\/wp-content\/uploads\/2022\/02\/pngaaa.com-2621310.png\" alt=\"\"><\/a><\/td><td><a href=\"https:\/\/fedefutguate.gt\/informacionpublica\/wp-content\/uploads\/2024\/12\/Directorio-de-Empleados-Y-Servidores-Publicos-de-la-Federacion-Nacional-de-Futbol-de-Guatemala-NOVIEMBRE-2024.pdf\">Remuneraciones de Empleados y Servidores P\u00fablicos de la Federaci\u00f3n Nacional d<\/a>e<a href=\"https:\/\/fedefutguate.gt\/informacionpublica\/wp-content\/uploads\/2024\/12\/Directorio-de-Empleados-Y-Servidores-Publicos-de-la-Federacion-Nacional-de-Futbol-de-Guatemala-NOVIEMBRE-2024.pdf\"> F\u00fatbol de Guatemala (NOVIEMBRE 2024)<\/a><\/td><\/tr><tr><td class=\"has-text-align-right\" data-align=\"right\"><a href=\"https:\/\/fedefutguate.gt\/informacionpublica\/wp-content\/uploads\/2025\/01\/Remuneraciones-de-Empleados-y-Servidores-Publicos-de-la-Federacion-Nacional-de-Futbol-de-Guatemala-DICIEMBRE-2024-1.pdf\"><img loading=\"lazy\" decoding=\"async\" width=\"50\" height=\"58\" class=\"wp-image-266\" style=\"width: 50px;\" src=\"https:\/\/fedefutguate.gt\/informacionpublica\/wp-content\/uploads\/2022\/02\/pngaaa.com-2621310.png\" alt=\"\"><\/a><\/td><td><br><a href=\"https:\/\/fedefutguate.gt\/informacionpublica\/wp-content\/uploads\/2025\/01\/Remuneraciones-de-Empleados-y-Servidores-Publicos-de-la-Federacion-Nacional-de-Futbol-de-Guatemala-DICIEMBRE-2024-1.pdf\">Remuneraciones de Empleados y Servidores P\u00fablicos de la Federaci\u00f3n Nacional de F\u00fatbol de Guatemala (DICIEMBRE2024)<\/a><\/td><\/tr><\/tbody><\/table><\/figure>\n\n\n\n<p><\/p>\n","protected":false},"excerpt":{"rendered":"<p>N\u00famero y nombre de funcionarios, servidores p\u00fablicos, empleados y asesores que laboran en el sujeto obligado y todas sus dependencias, incluyendo salarios que corresponden a cada cargo, honorarios, dietas, bonos, vi\u00e1ticos o cualquier otra remuneraci\u00f3n econ\u00f3mica que perciban por cualquier concepto. Art\u00edculo 10, numeral 4 de la Ley de Acceso a la Informaci\u00f3n P\u00fablica Remuneraciones &#8230; <a title=\"N\u00daMERO Y NOMBRE DE FUNCIONARIOS, SERVIDORES P\u00daBLICOS, EMPLEADOS, ASESORES Y SUS REMUNERACIONES -2024-\" class=\"read-more\" href=\"https:\/\/fedefutguate.gt\/informacionpublica\/numero-y-nombre-de-funcionarios-servidores-publicos-empleados-asesores-y-sus-remuneraciones-2024\/\" aria-label=\"Read more about N\u00daMERO Y NOMBRE DE FUNCIONARIOS, SERVIDORES P\u00daBLICOS, EMPLEADOS, ASESORES Y SUS REMUNERACIONES -2024-\">Read more<\/a><\/p>\n","protected":false},"author":1,"featured_media":0,"parent":0,"menu_order":0,"comment_status":"closed","ping_status":"closed","template":"","meta":{"footnotes":""},"class_list":["post-3901","page","type-page","status-publish"],"_links":{"self":[{"href":"https:\/\/fedefutguate.gt\/informacionpublica\/wp-json\/wp\/v2\/pages\/3901","targetHints":{"allow":["GET"]}}],"collection":[{"href":"https:\/\/fedefutguate.gt\/informacionpublica\/wp-json\/wp\/v2\/pages"}],"about":[{"href":"https:\/\/fedefutguate.gt\/informacionpublica\/wp-json\/wp\/v2\/types\/page"}],"author":[{"embeddable":true,"href":"https:\/\/fedefutguate.gt\/informacionpublica\/wp-json\/wp\/v2\/users\/1"}],"replies":[{"embeddable":true,"href":"https:\/\/fedefutguate.gt\/informacionpublica\/wp-json\/wp\/v2\/comments?post=3901"}],"version-history":[{"count":21,"href":"https:\/\/fedefutguate.gt\/informacionpublica\/wp-json\/wp\/v2\/pages\/3901\/revisions"}],"predecessor-version":[{"id":5381,"href":"https:\/\/fedefutguate.gt\/informacionpublica\/wp-json\/wp\/v2\/pages\/3901\/revisions\/5381"}],"wp:attachment":[{"href":"https:\/\/fedefutguate.gt\/informacionpublica\/wp-json\/wp\/v2\/media?parent=3901"}],"curies":[{"name":"wp","href":"https:\/\/api.w.org\/{rel}","templated":true}]}}