{"id":5445,"date":"2025-02-03T21:02:41","date_gmt":"2025-02-03T20:02:41","guid":{"rendered":"https:\/\/fedefutguate.gt\/informacionpublica\/?page_id=5445"},"modified":"2026-01-26T21:41:28","modified_gmt":"2026-01-26T20:41:28","slug":"direcciones-y-telefonos-2025","status":"publish","type":"page","link":"https:\/\/fedefutguate.gt\/informacionpublica\/direcciones-y-telefonos-2025\/","title":{"rendered":"Direcciones y Tel\u00e9fonos -2025-"},"content":{"rendered":"\n<p class=\"has-contrast-2-color has-text-color\">Direcci\u00f3n y tel\u00e9fonos de la entidad y de todas las dependencias que la conforman.<\/p>\n\n\n\n<p>Art\u00edculo 10, numeral 2 de la Ley de Acceso a la Informaci\u00f3n P\u00fablica<\/p>\n\n\n\n<figure class=\"wp-block-table alignleft is-style-stripes\"><table class=\"has-fixed-layout\"><tbody><tr><td class=\"has-text-align-center\" data-align=\"center\"><a href=\"https:\/\/fedefutguate.gt\/informacionpublica\/wp-content\/uploads\/2025\/02\/Contacto-FEDEFUT-2025.jpg\"><img loading=\"lazy\" decoding=\"async\" width=\"50\" height=\"58\" class=\"wp-image-266\" style=\"width: 50px;\" src=\"https:\/\/fedefutguate.gt\/informacionpublica\/wp-content\/uploads\/2022\/02\/pngaaa.com-2621310.png\" alt=\"\"><\/a><\/td><td><a href=\"https:\/\/fedefutguate.gt\/informacionpublica\/wp-content\/uploads\/2025\/02\/Contacto-FEDEFUT-2025.jpg\">Direcci\u00f3n y Tel\u00e9fono Sede Central de la Federaci\u00f3n Nacional de F\u00fatbol de Guatemala (VIGENTE 2025)<\/a><\/td><\/tr><tr><td class=\"has-text-align-center\" data-align=\"center\"><a href=\"https:\/\/fedefutguate.gt\/informacionpublica\/wp-content\/uploads\/2025\/02\/CONTACTO-COMITE-EJECUTIVO-2025.jpg\"><img loading=\"lazy\" decoding=\"async\" width=\"50\" height=\"58\" class=\"wp-image-266\" style=\"width: 50px;\" src=\"https:\/\/fedefutguate.gt\/informacionpublica\/wp-content\/uploads\/2022\/02\/pngaaa.com-2621310.png\" alt=\"\"><\/a><\/td><td><a href=\"https:\/\/fedefutguate.gt\/informacionpublica\/wp-content\/uploads\/2025\/02\/CONTACTO-COMITE-EJECUTIVO-2025.jpg\">Contacto Comit\u00e9 Ejecutivo de la Federaci\u00f3n Nacional de F\u00fatbol de Guatemala (VIGENTE 2025)<\/a><\/td><\/tr><tr><td class=\"has-text-align-center\" data-align=\"center\"><a href=\"https:\/\/fedefutguate.gt\/informacionpublica\/wp-content\/uploads\/2025\/02\/DIRECTORIO-ASOCIACIONES-DEPORTIVAS-DEPARTAMENTALES-FEDEFUT-2025.pdf\"><img loading=\"lazy\" decoding=\"async\" width=\"50\" height=\"58\" class=\"wp-image-266\" style=\"width: 50px;\" src=\"https:\/\/fedefutguate.gt\/informacionpublica\/wp-content\/uploads\/2022\/02\/pngaaa.com-2621310.png\" alt=\"\"><\/a><\/td><td><a href=\"https:\/\/fedefutguate.gt\/informacionpublica\/wp-content\/uploads\/2025\/02\/DIRECTORIO-ASOCIACIONES-DEPORTIVAS-DEPARTAMENTALES-FEDEFUT-2025.pdf\">Directorio de Asociaciones Deportivas Departamentales (VIGENTE 2025)<\/a><\/td><\/tr><tr><td class=\"has-text-align-center\" data-align=\"center\"><a href=\"https:\/\/fedefutguate.gt\/informacionpublica\/wp-content\/uploads\/2025\/02\/Directorio-Ligas-Afiliadas-de-Futbol.pdf\"><img loading=\"lazy\" decoding=\"async\" width=\"50\" height=\"58\" class=\"wp-image-266\" style=\"width: 50px;\" src=\"https:\/\/fedefutguate.gt\/informacionpublica\/wp-content\/uploads\/2022\/02\/pngaaa.com-2621310.png\" alt=\"\"><\/a><\/td><td><a href=\"https:\/\/fedefutguate.gt\/informacionpublica\/wp-content\/uploads\/2025\/02\/Directorio-Ligas-Afiliadas-de-Futbol.pdf\">Directorio Ligas Afiliadas a la Federaci\u00f3n Nacional de F\u00fatbol de Guatemala (VIGENTE 2025)<\/a><\/td><\/tr><tr><td class=\"has-text-align-center\" data-align=\"center\"><a href=\"https:\/\/fedefutguate.gt\/informacionpublica\/wp-content\/uploads\/2025\/02\/DIRECTORIO-DE-LA-ENTIDAD-Y-DEPENDENCIAS-DE-LA-FEDEDUT-ENERO-2025.pdf\"><img loading=\"lazy\" decoding=\"async\" width=\"50\" height=\"58\" class=\"wp-image-266\" style=\"width: 50px;\" src=\"https:\/\/fedefutguate.gt\/informacionpublica\/wp-content\/uploads\/2022\/02\/pngaaa.com-2621310.png\" alt=\"\"><\/a><\/td><td><a href=\"https:\/\/fedefutguate.gt\/informacionpublica\/wp-content\/uploads\/2025\/02\/DIRECTORIO-DE-LA-ENTIDAD-Y-DEPENDENCIAS-DE-LA-FEDEDUT-ENERO-2025.pdf\">Directorio de la Entidad y Dependencias de la Federaci\u00f3n Nacional de F\u00fatbol de Guatemala (ENERO 2025)<\/a><\/td><\/tr><tr><td class=\"has-text-align-center\" data-align=\"center\"><a href=\"https:\/\/fedefutguate.gt\/informacionpublica\/wp-content\/uploads\/2025\/03\/DIRECTORIO-DE-LA-ENTIDAD-Y-DEPENDENCIAS-DE-LA-FEDEDUT-FEBRERO-2025.pdf\"><img loading=\"lazy\" decoding=\"async\" width=\"50\" height=\"58\" class=\"wp-image-266\" style=\"width: 50px;\" src=\"https:\/\/fedefutguate.gt\/informacionpublica\/wp-content\/uploads\/2022\/02\/pngaaa.com-2621310.png\" alt=\"\"><\/a><\/td><td><a href=\"https:\/\/fedefutguate.gt\/informacionpublica\/wp-content\/uploads\/2025\/03\/DIRECTORIO-DE-LA-ENTIDAD-Y-DEPENDENCIAS-DE-LA-FEDEDUT-FEBRERO-2025.pdf\">Directorio de la Entidad y Dependencias de la Federaci\u00f3n Nacional de F\u00fatbol de Guatemala (FEBRERO 2025)<\/a><\/td><\/tr><tr><td class=\"has-text-align-center\" data-align=\"center\"><a href=\"https:\/\/fedefutguate.gt\/informacionpublica\/wp-content\/uploads\/2025\/04\/DIRECTORIO-DE-LA-ENTIDAD-Y-DEPENDENCIAS-DE-LA-FEDEDUT-MARZO-2025.pdf\"><img loading=\"lazy\" decoding=\"async\" width=\"50\" height=\"58\" class=\"wp-image-266\" style=\"width: 50px;\" src=\"https:\/\/fedefutguate.gt\/informacionpublica\/wp-content\/uploads\/2022\/02\/pngaaa.com-2621310.png\" alt=\"\"><\/a><\/td><td><a href=\"https:\/\/fedefutguate.gt\/informacionpublica\/wp-content\/uploads\/2025\/04\/DIRECTORIO-DE-LA-ENTIDAD-Y-DEPENDENCIAS-DE-LA-FEDEDUT-MARZO-2025.pdf\">Directorio de la Entidad y Dependencias de la Federaci\u00f3n Nacional de F\u00fatbol de Guatemala (MARZO 2025)<\/a><\/td><\/tr><tr><td class=\"has-text-align-center\" data-align=\"center\"><a href=\"https:\/\/fedefutguate.gt\/informacionpublica\/wp-content\/uploads\/2025\/05\/DIRECTORIO-DE-LA-ENTIDAD-Y-DEPENDENCIAS-DE-LA-FEDEDUT-ABRIL-2025.pdf\"><img loading=\"lazy\" decoding=\"async\" width=\"50\" height=\"58\" class=\"wp-image-266\" style=\"width: 50px;\" src=\"https:\/\/fedefutguate.gt\/informacionpublica\/wp-content\/uploads\/2022\/02\/pngaaa.com-2621310.png\" alt=\"\"><\/a><\/td><td><a href=\"https:\/\/fedefutguate.gt\/informacionpublica\/wp-content\/uploads\/2025\/05\/DIRECTORIO-DE-LA-ENTIDAD-Y-DEPENDENCIAS-DE-LA-FEDEDUT-ABRIL-2025.pdf\">Directorio de la Entidad y Dependencias de la Federaci\u00f3n Nacional de F\u00fatbol de Guatemala (ABRIL 2025)<\/a><\/td><\/tr><tr><td class=\"has-text-align-center\" data-align=\"center\"><a href=\"https:\/\/fedefutguate.gt\/informacionpublica\/wp-content\/uploads\/2025\/06\/DIRECTORIO-DE-LA-ENTIDAD-Y-DEPENDENCIAS-DE-LA-FEDEDUT-MAYO-2025.pdf\"><img loading=\"lazy\" decoding=\"async\" width=\"50\" height=\"58\" class=\"wp-image-266\" style=\"width: 50px;\" src=\"https:\/\/fedefutguate.gt\/informacionpublica\/wp-content\/uploads\/2022\/02\/pngaaa.com-2621310.png\" alt=\"\"><\/a><\/td><td><a href=\"https:\/\/fedefutguate.gt\/informacionpublica\/wp-content\/uploads\/2025\/06\/DIRECTORIO-DE-LA-ENTIDAD-Y-DEPENDENCIAS-DE-LA-FEDEDUT-MAYO-2025.pdf\">Directorio de la Entidad y Dependencias de la Federaci\u00f3n Nacional de F\u00fatbol de Guatemala (MAYO 2025)<\/a><\/td><\/tr><tr><td class=\"has-text-align-center\" data-align=\"center\"><a href=\"https:\/\/fedefutguate.gt\/informacionpublica\/wp-content\/uploads\/2025\/07\/DIRECTORIO-DE-LA-ENTIDAD-Y-DEPENDENCIAS-DE-LA-FEDEDUT-JUNIO-2025-1.pdf\"><img loading=\"lazy\" decoding=\"async\" width=\"50\" height=\"58\" class=\"wp-image-266\" style=\"width: 50px;\" src=\"https:\/\/fedefutguate.gt\/informacionpublica\/wp-content\/uploads\/2022\/02\/pngaaa.com-2621310.png\" alt=\"\"><\/a><\/td><td><a href=\"https:\/\/fedefutguate.gt\/informacionpublica\/wp-content\/uploads\/2025\/07\/DIRECTORIO-DE-LA-ENTIDAD-Y-DEPENDENCIAS-DE-LA-FEDEDUT-JUNIO-2025-1.pdf\">Directorio de la Entidad y Dependencias de la Federaci\u00f3n Nacional de F\u00fatbol de Guatemala (JUNIO 2025)<\/a><\/td><\/tr><tr><td class=\"has-text-align-center\" data-align=\"center\"><a href=\"https:\/\/fedefutguate.gt\/informacionpublica\/wp-content\/uploads\/2025\/08\/DIRECTORIO-DE-LA-ENTIDAD-Y-DEPENDENCIAS-DE-LA-FEDEDUT-JULIO-2025.pdf\"><img loading=\"lazy\" decoding=\"async\" width=\"50\" height=\"58\" class=\"wp-image-266\" style=\"width: 50px;\" src=\"https:\/\/fedefutguate.gt\/informacionpublica\/wp-content\/uploads\/2022\/02\/pngaaa.com-2621310.png\" alt=\"\"><\/a><\/td><td>D<a href=\"https:\/\/fedefutguate.gt\/informacionpublica\/wp-content\/uploads\/2025\/08\/DIRECTORIO-DE-LA-ENTIDAD-Y-DEPENDENCIAS-DE-LA-FEDEDUT-JULIO-2025.pdf\">irectorio de la Entidad y Dependencias de la Federaci\u00f3n Nacional de F\u00fatbol de Guatemala (JULIO 2025)<\/a><\/td><\/tr><tr><td class=\"has-text-align-center\" data-align=\"center\"><a href=\"https:\/\/fedefutguate.gt\/informacionpublica\/wp-content\/uploads\/2025\/09\/DIRECTORIO-DE-LA-ENTIDAD-Y-DEPENDENCIAS-DE-LA-FEDEDUT-AGOSTO-2025.pdf\"><img loading=\"lazy\" decoding=\"async\" width=\"50\" height=\"58\" class=\"wp-image-266\" style=\"width: 50px;\" src=\"https:\/\/fedefutguate.gt\/informacionpublica\/wp-content\/uploads\/2022\/02\/pngaaa.com-2621310.png\" alt=\"\"><\/a><\/td><td><br><a href=\"https:\/\/fedefutguate.gt\/informacionpublica\/wp-content\/uploads\/2025\/09\/DIRECTORIO-DE-LA-ENTIDAD-Y-DEPENDENCIAS-DE-LA-FEDEDUT-AGOSTO-2025.pdf\">Directorio de la Entidad y Dependencias de la Federaci\u00f3n Nacional de F\u00fatbol de Guatemala (AGOSTO 2025)<\/a><\/td><\/tr><tr><td class=\"has-text-align-center\" data-align=\"center\"><a href=\"https:\/\/fedefutguate.gt\/informacionpublica\/wp-content\/uploads\/2025\/10\/DIRECTORIO-DE-LA-ENTIDAD-Y-DEPENDENCIAS-DE-LA-FEDEDUT-SEPTIEMBRE-2025.pdf\"><img loading=\"lazy\" decoding=\"async\" width=\"50\" height=\"58\" class=\"wp-image-266\" style=\"width: 50px;\" src=\"https:\/\/fedefutguate.gt\/informacionpublica\/wp-content\/uploads\/2022\/02\/pngaaa.com-2621310.png\" alt=\"\"><\/a><\/td><td><a href=\"https:\/\/fedefutguate.gt\/informacionpublica\/wp-content\/uploads\/2025\/10\/DIRECTORIO-DE-LA-ENTIDAD-Y-DEPENDENCIAS-DE-LA-FEDEDUT-SEPTIEMBRE-2025.pdf\">Directorio de la Entidad y Dependencias de la Federaci\u00f3n Nacional de F\u00fatbol de Guatemala (SEPTIEMBRE 2025<\/a>)<\/td><\/tr><tr><td class=\"has-text-align-center\" data-align=\"center\"><a href=\"https:\/\/fedefutguate.gt\/informacionpublica\/wp-content\/uploads\/2025\/11\/DIRECTORIO-DE-LA-ENTIDAD-Y-DEPENDENCIAS-DE-LA-FEDEDUT-OCTUBRE-2025.pdf\"><img loading=\"lazy\" decoding=\"async\" width=\"50\" height=\"58\" class=\"wp-image-266\" style=\"width: 50px;\" src=\"https:\/\/fedefutguate.gt\/informacionpublica\/wp-content\/uploads\/2022\/02\/pngaaa.com-2621310.png\" alt=\"\"><\/a><\/td><td><a href=\"https:\/\/fedefutguate.gt\/informacionpublica\/wp-content\/uploads\/2025\/11\/DIRECTORIO-DE-LA-ENTIDAD-Y-DEPENDENCIAS-DE-LA-FEDEDUT-OCTUBRE-2025.pdf\">Directorio de la Entidad y Dependencias de la Federaci\u00f3n Nacional de F\u00fatbol de Guatemala (OCTUBRE 2025)<\/a><\/td><\/tr><tr><td class=\"has-text-align-center\" data-align=\"center\"><a href=\"https:\/\/fedefutguate.gt\/informacionpublica\/wp-content\/uploads\/2025\/12\/DIRECTORIO-DE-LA-ENTIDAD-Y-DEPENDENCIAS-DE-LA-FEDEDUT-NOVIEMBRE-2025.pdf\"><img loading=\"lazy\" decoding=\"async\" width=\"50\" height=\"58\" class=\"wp-image-266\" style=\"width: 50px;\" src=\"https:\/\/fedefutguate.gt\/informacionpublica\/wp-content\/uploads\/2022\/02\/pngaaa.com-2621310.png\" alt=\"\"><\/a><\/td><td><a href=\"https:\/\/fedefutguate.gt\/informacionpublica\/wp-content\/uploads\/2025\/12\/DIRECTORIO-DE-LA-ENTIDAD-Y-DEPENDENCIAS-DE-LA-FEDEDUT-NOVIEMBRE-2025.pdf\">Directorio de la Entidad y Dependencias de la Federaci\u00f3n Nacional de F\u00fatbol de Guatemala (NOVIEMBRE 2025<\/a>)<\/td><\/tr><tr><td class=\"has-text-align-center\" data-align=\"center\"><a href=\"https:\/\/fedefutguate.gt\/informacionpublica\/wp-content\/uploads\/2026\/01\/DIRECTORIO-DE-LA-ENTIDAD-Y-DEPENDENCIAS-DE-LA-FEDEDUT-DICIEMBRE-2025.pdf\"><img loading=\"lazy\" decoding=\"async\" width=\"50\" height=\"58\" class=\"wp-image-266\" style=\"width: 50px;\" src=\"https:\/\/fedefutguate.gt\/informacionpublica\/wp-content\/uploads\/2022\/02\/pngaaa.com-2621310.png\" alt=\"\"><\/a><\/td><td><a href=\"https:\/\/fedefutguate.gt\/informacionpublica\/wp-content\/uploads\/2026\/01\/DIRECTORIO-DE-LA-ENTIDAD-Y-DEPENDENCIAS-DE-LA-FEDEDUT-DICIEMBRE-2025.pdf\">Directorio de la Entidad y Dependencias de la Federaci\u00f3n Nacional de F\u00fatbol de Guatemala (DICIEMBRE 2025)<\/a><br><\/td><\/tr><\/tbody><\/table><\/figure>\n\n\n\n<p><\/p>\n","protected":false},"excerpt":{"rendered":"<p>Direcci\u00f3n y tel\u00e9fonos de la entidad y de todas las dependencias que la conforman. Art\u00edculo 10, numeral 2 de la Ley de Acceso a la Informaci\u00f3n P\u00fablica Direcci\u00f3n y Tel\u00e9fono Sede Central de la Federaci\u00f3n Nacional de F\u00fatbol de Guatemala (VIGENTE 2025) Contacto Comit\u00e9 Ejecutivo de la Federaci\u00f3n Nacional de F\u00fatbol de Guatemala (VIGENTE 2025) &#8230; <a title=\"Direcciones y Tel\u00e9fonos -2025-\" class=\"read-more\" href=\"https:\/\/fedefutguate.gt\/informacionpublica\/direcciones-y-telefonos-2025\/\" aria-label=\"Read more about Direcciones y Tel\u00e9fonos -2025-\">Read more<\/a><\/p>\n","protected":false},"author":2,"featured_media":0,"parent":0,"menu_order":0,"comment_status":"closed","ping_status":"closed","template":"","meta":{"footnotes":""},"class_list":["post-5445","page","type-page","status-publish"],"_links":{"self":[{"href":"https:\/\/fedefutguate.gt\/informacionpublica\/wp-json\/wp\/v2\/pages\/5445","targetHints":{"allow":["GET"]}}],"collection":[{"href":"https:\/\/fedefutguate.gt\/informacionpublica\/wp-json\/wp\/v2\/pages"}],"about":[{"href":"https:\/\/fedefutguate.gt\/informacionpublica\/wp-json\/wp\/v2\/types\/page"}],"author":[{"embeddable":true,"href":"https:\/\/fedefutguate.gt\/informacionpublica\/wp-json\/wp\/v2\/users\/2"}],"replies":[{"embeddable":true,"href":"https:\/\/fedefutguate.gt\/informacionpublica\/wp-json\/wp\/v2\/comments?post=5445"}],"version-history":[{"count":21,"href":"https:\/\/fedefutguate.gt\/informacionpublica\/wp-json\/wp\/v2\/pages\/5445\/revisions"}],"predecessor-version":[{"id":6953,"href":"https:\/\/fedefutguate.gt\/informacionpublica\/wp-json\/wp\/v2\/pages\/5445\/revisions\/6953"}],"wp:attachment":[{"href":"https:\/\/fedefutguate.gt\/informacionpublica\/wp-json\/wp\/v2\/media?parent=5445"}],"curies":[{"name":"wp","href":"https:\/\/api.w.org\/{rel}","templated":true}]}}