{"id":5449,"date":"2025-02-03T21:05:31","date_gmt":"2025-02-03T20:05:31","guid":{"rendered":"https:\/\/fedefutguate.gt\/informacionpublica\/?page_id=5449"},"modified":"2026-01-26T21:47:01","modified_gmt":"2026-01-26T20:47:01","slug":"directorio-de-empleados-y-servidores-publicos-2025","status":"publish","type":"page","link":"https:\/\/fedefutguate.gt\/informacionpublica\/directorio-de-empleados-y-servidores-publicos-2025\/","title":{"rendered":"Directorio de Empleados y Servidores P\u00fablicos -2025-"},"content":{"rendered":"\n<p class=\"has-contrast-2-color has-text-color\">Directorio de empleados y servidores p\u00fablicos, incluyendo n\u00fameros de tel\u00e9fono y direcciones de correo electr\u00f3nico oficiales no privados.<\/p>\n\n\n\n<p>Art\u00edculo 10, numeral 3 de la Ley de Acceso a la Informaci\u00f3n P\u00fablica<\/p>\n\n\n\n<figure class=\"wp-block-table is-style-stripes\"><table class=\"has-fixed-layout\"><tbody><tr><td class=\"has-text-align-right\" data-align=\"right\"><a href=\"https:\/\/fedefutguate.gt\/informacionpublica\/wp-content\/uploads\/2025\/02\/Directorio-de-Empleados-Y-Servidores-Publicos-de-la-Federacion-Nacional-de-Futbol-de-Guatemala-ENERO-2025.pdf\"><img loading=\"lazy\" decoding=\"async\" width=\"50\" height=\"58\" class=\"wp-image-266\" style=\"width: 50px;\" src=\"https:\/\/fedefutguate.gt\/informacionpublica\/wp-content\/uploads\/2022\/02\/pngaaa.com-2621310.png\" alt=\"\"><\/a><\/td><td><a href=\"https:\/\/fedefutguate.gt\/informacionpublica\/wp-content\/uploads\/2025\/02\/Directorio-de-Empleados-Y-Servidores-Publicos-de-la-Federacion-Nacional-de-Futbol-de-Guatemala-ENERO-2025.pdf\">Directorio de Empleados y Servidores P\u00fablicos de la Federaci\u00f3n Nacional de F\u00fatbol de Guatemala (ENERO 2025)<\/a><\/td><\/tr><tr><td class=\"has-text-align-right\" data-align=\"right\"><a href=\"https:\/\/fedefutguate.gt\/informacionpublica\/wp-content\/uploads\/2025\/03\/Directorio-de-Empleados-Y-Servidores-Publicos-de-la-Federacion-Nacional-de-Futbol-de-Guatemala-FEBRERO-2025.pdf\"><img loading=\"lazy\" decoding=\"async\" width=\"50\" height=\"58\" class=\"wp-image-266\" style=\"width: 50px;\" src=\"https:\/\/fedefutguate.gt\/informacionpublica\/wp-content\/uploads\/2022\/02\/pngaaa.com-2621310.png\" alt=\"\"><\/a><\/td><td><a href=\"https:\/\/fedefutguate.gt\/informacionpublica\/wp-content\/uploads\/2025\/03\/Directorio-de-Empleados-Y-Servidores-Publicos-de-la-Federacion-Nacional-de-Futbol-de-Guatemala-FEBRERO-2025.pdf\">Directorio de Empleados y Servidores P\u00fablicos de la Federaci\u00f3n Nacional de F\u00fatbol de Guatemala (FEBRERO 2025)<\/a><\/td><\/tr><tr><td class=\"has-text-align-right\" data-align=\"right\"><a href=\"https:\/\/fedefutguate.gt\/informacionpublica\/wp-content\/uploads\/2025\/04\/Directorio-de-Empleados-Y-Servidores-Publicos-de-la-Federacion-Nacional-de-Futbol-de-Guatemala-MARZO-2025.pdf\"><img loading=\"lazy\" decoding=\"async\" width=\"50\" height=\"58\" class=\"wp-image-266\" style=\"width: 50px;\" src=\"https:\/\/fedefutguate.gt\/informacionpublica\/wp-content\/uploads\/2022\/02\/pngaaa.com-2621310.png\" alt=\"\"><\/a><\/td><td><a href=\"https:\/\/fedefutguate.gt\/informacionpublica\/wp-content\/uploads\/2025\/04\/Directorio-de-Empleados-Y-Servidores-Publicos-de-la-Federacion-Nacional-de-Futbol-de-Guatemala-MARZO-2025.pdf\">Directorio de Empleados y Servidores P\u00fablicos de la Federaci\u00f3n Nacional de F\u00fatbol de Guatemala (MARZO 2025)<\/a><\/td><\/tr><tr><td class=\"has-text-align-right\" data-align=\"right\"><a href=\"https:\/\/fedefutguate.gt\/informacionpublica\/wp-content\/uploads\/2025\/06\/Directorio-de-Empleados-Y-Servidores-Publicos-de-la-Federacion-Nacional-de-Futbol-de-Guatemala-ABRIL-2025.pdf\"><img loading=\"lazy\" decoding=\"async\" width=\"50\" height=\"58\" class=\"wp-image-266\" style=\"width: 50px;\" src=\"https:\/\/fedefutguate.gt\/informacionpublica\/wp-content\/uploads\/2022\/02\/pngaaa.com-2621310.png\" alt=\"\"><\/a><\/td><td><a href=\"https:\/\/fedefutguate.gt\/informacionpublica\/wp-content\/uploads\/2025\/06\/Directorio-de-Empleados-Y-Servidores-Publicos-de-la-Federacion-Nacional-de-Futbol-de-Guatemala-ABRIL-2025.pdf\">Directorio de Empleados y Servidores P\u00fablicos de la Federaci\u00f3n Nacional de F\u00fatbol de Guatemala (ABRIL 2025)<\/a><\/td><\/tr><tr><td class=\"has-text-align-right\" data-align=\"right\"><a href=\"https:\/\/fedefutguate.gt\/informacionpublica\/wp-content\/uploads\/2025\/06\/Directorio-de-Empleados-Y-Servidores-Publicos-de-la-Federacion-Nacional-de-Futbol-de-Guatemala-MAYO-2025.pdf\"><img loading=\"lazy\" decoding=\"async\" width=\"50\" height=\"58\" class=\"wp-image-266\" style=\"width: 50px;\" src=\"https:\/\/fedefutguate.gt\/informacionpublica\/wp-content\/uploads\/2022\/02\/pngaaa.com-2621310.png\" alt=\"\"><\/a><\/td><td><a href=\"https:\/\/fedefutguate.gt\/informacionpublica\/wp-content\/uploads\/2025\/06\/Directorio-de-Empleados-Y-Servidores-Publicos-de-la-Federacion-Nacional-de-Futbol-de-Guatemala-MAYO-2025.pdf\">Directorio de Empleados y Servidores P\u00fablicos de la Federaci\u00f3n Nacional de F\u00fatbol de Guatemala (MAYO 2025)<\/a><\/td><\/tr><tr><td class=\"has-text-align-right\" data-align=\"right\"><a href=\"https:\/\/fedefutguate.gt\/informacionpublica\/wp-content\/uploads\/2025\/07\/Directorio-de-Empleados-Y-Servidores-Publicos-de-la-Federacion-Nacional-de-Futbol-de-Guatemala-JUNIO-2025.pdf\"><img loading=\"lazy\" decoding=\"async\" width=\"50\" height=\"58\" class=\"wp-image-266\" style=\"width: 50px;\" src=\"https:\/\/fedefutguate.gt\/informacionpublica\/wp-content\/uploads\/2022\/02\/pngaaa.com-2621310.png\" alt=\"\"><\/a><\/td><td><a href=\"https:\/\/fedefutguate.gt\/informacionpublica\/wp-content\/uploads\/2025\/07\/Directorio-de-Empleados-Y-Servidores-Publicos-de-la-Federacion-Nacional-de-Futbol-de-Guatemala-JUNIO-2025.pdf\">Directorio de Empleados y Servidores P\u00fablicos de la Federaci\u00f3n Nacional de F\u00fatbol de Guatemala (JUNIO 2025)<\/a><\/td><\/tr><tr><td class=\"has-text-align-right\" data-align=\"right\"><a href=\"https:\/\/fedefutguate.gt\/informacionpublica\/wp-content\/uploads\/2025\/08\/Directorio-de-Empleados-Y-Servidores-Publicos-de-la-Federacion-Nacional-de-Futbol-de-Guatemala-JULIO-2025.pdf\"><img loading=\"lazy\" decoding=\"async\" width=\"50\" height=\"58\" class=\"wp-image-266\" style=\"width: 50px;\" src=\"https:\/\/fedefutguate.gt\/informacionpublica\/wp-content\/uploads\/2022\/02\/pngaaa.com-2621310.png\" alt=\"\"><\/a><\/td><td><a href=\"https:\/\/fedefutguate.gt\/informacionpublica\/wp-content\/uploads\/2025\/08\/Directorio-de-Empleados-Y-Servidores-Publicos-de-la-Federacion-Nacional-de-Futbol-de-Guatemala-JULIO-2025.pdf\">Directorio de Empleados y Servidores P\u00fablicos de la Federaci\u00f3n Nacional de F\u00fatbol de Guatemala (JULIO 2025)<\/a><\/td><\/tr><tr><td class=\"has-text-align-right\" data-align=\"right\"><a href=\"https:\/\/fedefutguate.gt\/informacionpublica\/wp-content\/uploads\/2025\/09\/Directorio-de-Empleados-Y-Servidores-Publicos-de-la-Federacion-Nacional-de-Futbol-de-Guatemala-AGOSTO-2025.pdf\"><img loading=\"lazy\" decoding=\"async\" width=\"50\" height=\"58\" class=\"wp-image-266\" style=\"width: 50px;\" src=\"https:\/\/fedefutguate.gt\/informacionpublica\/wp-content\/uploads\/2022\/02\/pngaaa.com-2621310.png\" alt=\"\"><\/a><\/td><td><a href=\"https:\/\/fedefutguate.gt\/informacionpublica\/wp-content\/uploads\/2025\/09\/Directorio-de-Empleados-Y-Servidores-Publicos-de-la-Federacion-Nacional-de-Futbol-de-Guatemala-AGOSTO-2025.pdf\">Directorio de Empleados y Servidores P\u00fablicos de la Federaci\u00f3n Nacional de F\u00fatbol de Guatemala (AGOSTO 2025)<\/a><\/td><\/tr><tr><td class=\"has-text-align-right\" data-align=\"right\"><a href=\"https:\/\/fedefutguate.gt\/informacionpublica\/wp-content\/uploads\/2025\/10\/Directorio-de-Empleados-Y-Servidores-Publicos-de-la-Federacion-Nacional-de-Futbol-de-Guatemala-SEPTIEMBRE-2025.pdf\"><img loading=\"lazy\" decoding=\"async\" width=\"50\" height=\"58\" class=\"wp-image-266\" style=\"width: 50px;\" src=\"https:\/\/fedefutguate.gt\/informacionpublica\/wp-content\/uploads\/2022\/02\/pngaaa.com-2621310.png\" alt=\"\"><\/a><\/td><td><a href=\"https:\/\/fedefutguate.gt\/informacionpublica\/wp-content\/uploads\/2025\/10\/Directorio-de-Empleados-Y-Servidores-Publicos-de-la-Federacion-Nacional-de-Futbol-de-Guatemala-SEPTIEMBRE-2025.pdf\">Directorio de Empleados y Servidores P\u00fablicos de la Federaci\u00f3n Nacional de F\u00fatbol de Guatemala (SEPTIEMBRE 2025)<\/a><\/td><\/tr><tr><td class=\"has-text-align-right\" data-align=\"right\"><a href=\"https:\/\/fedefutguate.gt\/informacionpublica\/wp-content\/uploads\/2025\/11\/Directorio-de-Empleados-Y-Servidores-Publicos-de-la-Federacion-Nacional-de-Futbol-de-Guatemala-OCTUBRE-2025.pdf\"><img loading=\"lazy\" decoding=\"async\" width=\"50\" height=\"58\" class=\"wp-image-266\" style=\"width: 50px;\" src=\"https:\/\/fedefutguate.gt\/informacionpublica\/wp-content\/uploads\/2022\/02\/pngaaa.com-2621310.png\" alt=\"\"><\/a><\/td><td><a href=\"https:\/\/fedefutguate.gt\/informacionpublica\/wp-content\/uploads\/2025\/11\/Directorio-de-Empleados-Y-Servidores-Publicos-de-la-Federacion-Nacional-de-Futbol-de-Guatemala-OCTUBRE-2025.pdf\">Directorio de Empleados y Servidores P\u00fablicos de la Federaci\u00f3n Nacional de F\u00fatbol de Guatemala (OCTUBRE 2025)<\/a><\/td><\/tr><tr><td class=\"has-text-align-right\" data-align=\"right\"><a href=\"https:\/\/fedefutguate.gt\/informacionpublica\/wp-content\/uploads\/2025\/12\/Directorio-de-Empleados-Y-Servidores-Publicos-de-la-Federacion-Nacional-de-Futbol-de-Guatemala-NOVIEMBRE-2025.pdf\"><img loading=\"lazy\" decoding=\"async\" width=\"50\" height=\"58\" class=\"wp-image-266\" style=\"width: 50px;\" src=\"https:\/\/fedefutguate.gt\/informacionpublica\/wp-content\/uploads\/2022\/02\/pngaaa.com-2621310.png\" alt=\"\"><\/a><\/td><td><a href=\"https:\/\/fedefutguate.gt\/informacionpublica\/wp-content\/uploads\/2025\/12\/Directorio-de-Empleados-Y-Servidores-Publicos-de-la-Federacion-Nacional-de-Futbol-de-Guatemala-NOVIEMBRE-2025.pdf\">Directorio de Empleados y Servidores P\u00fablicos de la Federaci\u00f3n Nacional de F\u00fatbol de Guatemala (NOVIEMBRE 2025)<\/a><\/td><\/tr><tr><td class=\"has-text-align-right\" data-align=\"right\"><a href=\"https:\/\/fedefutguate.gt\/informacionpublica\/wp-content\/uploads\/2026\/01\/Directorio-de-Empleados-Y-Servidores-Publicos-de-la-Federacion-Nacional-de-Futbol-de-Guatemala-DICIEMBRE-2025.pdf\"><img loading=\"lazy\" decoding=\"async\" width=\"50\" height=\"58\" class=\"wp-image-266\" style=\"width: 50px;\" src=\"https:\/\/fedefutguate.gt\/informacionpublica\/wp-content\/uploads\/2022\/02\/pngaaa.com-2621310.png\" alt=\"\"><\/a><\/td><td><a href=\"https:\/\/fedefutguate.gt\/informacionpublica\/wp-content\/uploads\/2026\/01\/Directorio-de-Empleados-Y-Servidores-Publicos-de-la-Federacion-Nacional-de-Futbol-de-Guatemala-DICIEMBRE-2025.pdf\">Directorio de Empleados y Servidores P\u00fablicos de la Federaci\u00f3n Nacional de F\u00fatbol de Guatemala (DICIEMBRE 2025)<\/a><\/td><\/tr><\/tbody><\/table><\/figure>\n\n\n\n<p><\/p>\n","protected":false},"excerpt":{"rendered":"<p>Directorio de empleados y servidores p\u00fablicos, incluyendo n\u00fameros de tel\u00e9fono y direcciones de correo electr\u00f3nico oficiales no privados. Art\u00edculo 10, numeral 3 de la Ley de Acceso a la Informaci\u00f3n P\u00fablica Directorio de Empleados y Servidores P\u00fablicos de la Federaci\u00f3n Nacional de F\u00fatbol de Guatemala (ENERO 2025) Directorio de Empleados y Servidores P\u00fablicos de la &#8230; <a title=\"Directorio de Empleados y Servidores P\u00fablicos -2025-\" class=\"read-more\" href=\"https:\/\/fedefutguate.gt\/informacionpublica\/directorio-de-empleados-y-servidores-publicos-2025\/\" aria-label=\"Read more about Directorio de Empleados y Servidores P\u00fablicos -2025-\">Read more<\/a><\/p>\n","protected":false},"author":2,"featured_media":0,"parent":0,"menu_order":0,"comment_status":"closed","ping_status":"closed","template":"","meta":{"footnotes":""},"class_list":["post-5449","page","type-page","status-publish"],"_links":{"self":[{"href":"https:\/\/fedefutguate.gt\/informacionpublica\/wp-json\/wp\/v2\/pages\/5449","targetHints":{"allow":["GET"]}}],"collection":[{"href":"https:\/\/fedefutguate.gt\/informacionpublica\/wp-json\/wp\/v2\/pages"}],"about":[{"href":"https:\/\/fedefutguate.gt\/informacionpublica\/wp-json\/wp\/v2\/types\/page"}],"author":[{"embeddable":true,"href":"https:\/\/fedefutguate.gt\/informacionpublica\/wp-json\/wp\/v2\/users\/2"}],"replies":[{"embeddable":true,"href":"https:\/\/fedefutguate.gt\/informacionpublica\/wp-json\/wp\/v2\/comments?post=5449"}],"version-history":[{"count":21,"href":"https:\/\/fedefutguate.gt\/informacionpublica\/wp-json\/wp\/v2\/pages\/5449\/revisions"}],"predecessor-version":[{"id":6956,"href":"https:\/\/fedefutguate.gt\/informacionpublica\/wp-json\/wp\/v2\/pages\/5449\/revisions\/6956"}],"wp:attachment":[{"href":"https:\/\/fedefutguate.gt\/informacionpublica\/wp-json\/wp\/v2\/media?parent=5449"}],"curies":[{"name":"wp","href":"https:\/\/api.w.org\/{rel}","templated":true}]}}