{"id":5535,"date":"2025-02-04T04:37:08","date_gmt":"2025-02-04T03:37:08","guid":{"rendered":"https:\/\/fedefutguate.gt\/informacionpublica\/?page_id=5535"},"modified":"2026-02-06T18:13:18","modified_gmt":"2026-02-06T17:13:18","slug":"otra-informacion-que-sea-de-utilidad-o-relevancia-2025","status":"publish","type":"page","link":"https:\/\/fedefutguate.gt\/informacionpublica\/otra-informacion-que-sea-de-utilidad-o-relevancia-2025\/","title":{"rendered":"OTRA INFORMACI\u00d3N QUE SEA DE UTILIDAD O RELEVANCIA -2025-"},"content":{"rendered":"\n<p class=\"has-contrast-2-color has-text-color\">Cualquier otra informaci\u00f3n que sea de utilidad o relevancia para cumplir con los fines y objetivos de la Ley de Acceso a la Informaci\u00f3n P\u00fablica (DECRETO 57-2008 DEL CONGRESO DE LA REP\u00daBLICA DE GUATEMALA).<\/p>\n\n\n\n<p>Art\u00edculo 10, numeral 29 de la Ley de Acceso a la Informaci\u00f3n P\u00fablica.<\/p>\n\n\n\n<figure class=\"wp-block-table is-style-stripes\"><table><tbody><tr><td class=\"has-text-align-center\" data-align=\"center\"><a href=\"https:\/\/fedefutguate.gt\/informacionpublica\/wp-content\/uploads\/2024\/02\/MIEMBROS-COMITE-EJECUTIVO-ACTUALIZADO.jpg\"><img loading=\"lazy\" decoding=\"async\" width=\"50\" height=\"58\" class=\"wp-image-266\" style=\"width: 50px;\" src=\"https:\/\/fedefutguate.gt\/informacionpublica\/wp-content\/uploads\/2022\/02\/pngaaa.com-2621310.png\" alt=\"\"><\/a><\/td><td><a href=\"https:\/\/fedefutguate.gt\/informacionpublica\/wp-content\/uploads\/2024\/02\/MIEMBROS-COMITE-EJECUTIVO-ACTUALIZADO.jpg\" target=\"_blank\" rel=\"noreferrer noopener\">Integrantes Comit\u00e9 Ejecutivo Federaci\u00f3n Nacional de F\u00fatbol de Guatemala (Junio 2023-Junio 2027)<\/a><\/td><\/tr><tr><td class=\"has-text-align-center\" data-align=\"center\"><a href=\"https:\/\/fedefutguate.gt\/informacionpublica\/wp-content\/uploads\/2023\/02\/ACUERDO-CE-32-2019-ARANCEL-DE-LA-UNIDAD-DE-ACCESO-A-LA-INFORMACION-PUBLICA-DE-LA-FEDEFUT-VIGENTE-2022.pdf\"><img loading=\"lazy\" decoding=\"async\" width=\"50\" height=\"58\" class=\"wp-image-266\" style=\"width: 50px;\" src=\"https:\/\/fedefutguate.gt\/informacionpublica\/wp-content\/uploads\/2022\/02\/pngaaa.com-2621310.png\" alt=\"\"><\/a><\/td><td><a href=\"https:\/\/fedefutguate.gt\/informacionpublica\/wp-content\/uploads\/2023\/02\/ACUERDO-CE-32-2019-ARANCEL-DE-LA-UNIDAD-DE-ACCESO-A-LA-INFORMACION-PUBLICA-DE-LA-FEDEFUT-VIGENTE-2022.pdf\" target=\"_blank\" rel=\"noreferrer noopener\">Acuerdo CE-32-2019 Arancel Informaci\u00f3n P\u00fablica (Vigente para el a\u00f1o 2025)<\/a><\/td><\/tr><tr><td class=\"has-text-align-center\" data-align=\"center\"><a href=\"https:\/\/fedefutguate.gt\/informacionpublica\/wp-content\/uploads\/2024\/07\/ACUERDO-CEF-028-2024-REGLAMENTO-DE-SELECCIONES.pdf\"><img loading=\"lazy\" decoding=\"async\" width=\"50\" height=\"58\" class=\"wp-image-266\" style=\"width: 50px;\" src=\"https:\/\/fedefutguate.gt\/informacionpublica\/wp-content\/uploads\/2022\/02\/pngaaa.com-2621310.png\" alt=\"\"><\/a><\/td><td><a href=\"https:\/\/fedefutguate.gt\/informacionpublica\/wp-content\/uploads\/2024\/07\/ACUERDO-CEF-028-2024-REGLAMENTO-DE-SELECCIONES.pdf\">Acuerdo CEF-028-2024 Reglamento de Selecciones Nacionales (Vigente para el a\u00f1o 2025)<\/a><\/td><\/tr><tr><td class=\"has-text-align-center\" data-align=\"center\"><a href=\"https:\/\/fedefutguate.gt\/informacionpublica\/wp-content\/uploads\/2023\/02\/COMO-FORMAR-PARTE-DE-LAS-SELECCIONES-NACIONALES.jpeg\"><img loading=\"lazy\" decoding=\"async\" width=\"50\" height=\"58\" class=\"wp-image-266\" style=\"width: 50px;\" src=\"https:\/\/fedefutguate.gt\/informacionpublica\/wp-content\/uploads\/2022\/02\/pngaaa.com-2621310.png\" alt=\"\"><\/a><\/td><td><a href=\"https:\/\/fedefutguate.gt\/informacionpublica\/wp-content\/uploads\/2023\/02\/COMO-FORMAR-PARTE-DE-LAS-SELECCIONES-NACIONALES.jpeg\" target=\"_blank\" rel=\"noreferrer noopener\">\u00bfC\u00f3mo formar parte de las Selecciones Nacionales?<\/a><\/td><\/tr><tr><td class=\"has-text-align-center\" data-align=\"center\"><img loading=\"lazy\" decoding=\"async\" width=\"50\" height=\"58\" class=\"wp-image-266\" style=\"width: 50px;\" src=\"https:\/\/fedefutguate.gt\/informacionpublica\/wp-content\/uploads\/2022\/02\/pngaaa.com-2621310.png\" alt=\"\"><\/td><td><a href=\"https:\/\/fedefutguate.gt\/informacionpublica\/wp-content\/uploads\/2026\/02\/ESTATUTOS-FEDEFUT-ACUERDO-165-2025-CE-CDAG-1-8-2025-2-2.pdf\">ACUERDO N\u00daMERO 165\/2025-CE-CDAG ESTATUTOS DE LA FEDERACI\u00d3N NACIONAL DE F\u00daTBOL DE GUATEMALA<\/a><\/td><\/tr><tr><td class=\"has-text-align-center\" data-align=\"center\"><a href=\"https:\/\/fedefutguate.gt\/informacionpublica\/wp-content\/uploads\/2023\/02\/Acuerdo-CE-021-2022-Codigo-Etico-1.pdf\"><img loading=\"lazy\" decoding=\"async\" width=\"50\" height=\"58\" class=\"wp-image-266\" style=\"width: 50px;\" src=\"https:\/\/fedefutguate.gt\/informacionpublica\/wp-content\/uploads\/2022\/02\/pngaaa.com-2621310.png\" alt=\"\"><\/a><\/td><td><a href=\"https:\/\/fedefutguate.gt\/informacionpublica\/wp-content\/uploads\/2023\/02\/Acuerdo-CE-021-2022-Codigo-Etico-1.pdf\" target=\"_blank\" rel=\"noreferrer noopener\">C\u00f3digo \u00c9tico de la Federaci\u00f3n Nacional de F\u00fatbol de Guatemala (Vigente para el a\u00f1o 2025)<\/a><\/td><\/tr><tr><td class=\"has-text-align-center\" data-align=\"center\"><a href=\"https:\/\/fedefutguate.gt\/informacionpublica\/wp-content\/uploads\/2023\/06\/ARANCEL-DE-TRAMITES-Y-GESTIONES-QUE-SE-REALIZAN-EN-LA-DIRECCION-DE-ASUNTOS-JURIDICOS-Y-DEPORTIVOS-DE-LA-FEDEFUT.pdf\"><img loading=\"lazy\" decoding=\"async\" width=\"50\" height=\"58\" class=\"wp-image-266\" style=\"width: 50px;\" src=\"https:\/\/fedefutguate.gt\/informacionpublica\/wp-content\/uploads\/2022\/02\/pngaaa.com-2621310.png\" alt=\"\"><\/a><\/td><td><a href=\"https:\/\/fedefutguate.gt\/informacionpublica\/wp-content\/uploads\/2023\/06\/ARANCEL-DE-TRAMITES-Y-GESTIONES-QUE-SE-REALIZAN-EN-LA-DIRECCION-DE-ASUNTOS-JURIDICOS-Y-DEPORTIVOS-DE-LA-FEDEFUT.pdf\" target=\"_blank\" rel=\"noreferrer noopener\">Arancel de Tr\u00e1mites y Gestiones que se realizan en la Direcci\u00f3n de Asuntos Jur\u00eddicos y Deportivos de la FEDEFUT<\/a><\/td><\/tr><tr><td class=\"has-text-align-center\" data-align=\"center\"><a href=\"https:\/\/fedefutguate.gt\/informacionpublica\/wp-content\/uploads\/2024\/06\/ACUERDO-10-2024-REGLAMENTO-LICENCIAS.pdf\"><img loading=\"lazy\" decoding=\"async\" width=\"50\" height=\"58\" class=\"wp-image-266\" style=\"width: 50px;\" src=\"https:\/\/fedefutguate.gt\/informacionpublica\/wp-content\/uploads\/2022\/02\/pngaaa.com-2621310.png\" alt=\"\"><\/a><\/td><td><a href=\"https:\/\/fedefutguate.gt\/informacionpublica\/wp-content\/uploads\/2024\/06\/ACUERDO-10-2024-REGLAMENTO-LICENCIAS.pdf\">Reglamento de Licencias de Entrenadores y\/o T\u00edtulos de Preparadores F\u00edsicos Emitidos por Federaciones Miembros de FIFA y Centros de Formaci\u00f3n Acad\u00e9mica<\/a><\/td><\/tr><tr><td class=\"has-text-align-center\" data-align=\"center\"><a href=\"https:\/\/fedefutguate.gt\/informacionpublica\/wp-content\/uploads\/2024\/12\/30-ACUERDO-CEF-017-2023-Reglamento-interno-de-la-CNRD-1.pdf\"><img loading=\"lazy\" decoding=\"async\" width=\"50\" height=\"58\" class=\"wp-image-266\" style=\"width: 50px;\" src=\"https:\/\/fedefutguate.gt\/informacionpublica\/wp-content\/uploads\/2022\/02\/pngaaa.com-2621310.png\" alt=\"\"><\/a><\/td><td><a href=\"https:\/\/fedefutguate.gt\/informacionpublica\/wp-content\/uploads\/2024\/12\/30-ACUERDO-CEF-017-2023-Reglamento-interno-de-la-CNRD-1.pdf\">Reglamento Interno de la C\u00e1mara Nacional de Resoluci\u00f3n de Disputas (Vigente para el a\u00f1o 2025)<\/a><\/td><\/tr><tr><td class=\"has-text-align-center\" data-align=\"center\"><a href=\"https:\/\/fedefutguate.gt\/informacionpublica\/wp-content\/uploads\/2024\/06\/ACUERDO-11-2024-REGLAMENTO-AVAL-LICENCIAS.pdf\"><img loading=\"lazy\" decoding=\"async\" width=\"50\" height=\"58\" class=\"wp-image-266\" style=\"width: 50px;\" src=\"https:\/\/fedefutguate.gt\/informacionpublica\/wp-content\/uploads\/2022\/02\/pngaaa.com-2621310.png\" alt=\"\"><\/a><\/td><td><a href=\"https:\/\/fedefutguate.gt\/informacionpublica\/wp-content\/uploads\/2024\/06\/ACUERDO-11-2024-REGLAMENTO-AVAL-LICENCIAS.pdf\">Reglamento para Tr\u00e1mite de Aval Federativo de Licencias para Integrantes de Cuerpos T\u00e9cnicos (Vigente para el a\u00f1o 2025)<\/a><\/td><\/tr><tr><td class=\"has-text-align-center\" data-align=\"center\"><img loading=\"lazy\" decoding=\"async\" width=\"50\" height=\"58\" class=\"wp-image-266\" style=\"width: 50px;\" src=\"https:\/\/fedefutguate.gt\/informacionpublica\/wp-content\/uploads\/2022\/02\/pngaaa.com-2621310.png\" alt=\"\"><\/td><td><a href=\"https:\/\/fedefutguate.gt\/informacionpublica\/wp-content\/uploads\/2024\/07\/ACUERDO-CEF-029-2024-REGLAMENTO-ESTATUTO-DEL-JUGADOR.pdf\">Reglamento sobre el Estatuto y la Transferencia de Jugadores de la Federaci\u00f3n Nacional de F\u00fatbol de Guatemala<\/a>&nbsp;<a href=\"https:\/\/fedefutguate.gt\/informacionpublica\/wp-content\/uploads\/2024\/07\/ACUERDO-CEF-029-2024-REGLAMENTO-ESTATUTO-DEL-JUGADOR.pdf\">(Vigente para el a\u00f1o 2025)<\/a><\/td><\/tr><tr><td class=\"has-text-align-center\" data-align=\"center\"><a href=\"https:\/\/fedefutguate.gt\/informacionpublica\/wp-content\/uploads\/2024\/06\/ACUERDO-14-2024-REGLAMENTO-SOLVENCIAS-DE-OFICIO-1.pdf\"><img loading=\"lazy\" decoding=\"async\" width=\"50\" height=\"58\" class=\"wp-image-266\" style=\"width: 50px;\" src=\"https:\/\/fedefutguate.gt\/informacionpublica\/wp-content\/uploads\/2022\/02\/pngaaa.com-2621310.png\" alt=\"\"><\/a><\/td><td><a href=\"https:\/\/fedefutguate.gt\/informacionpublica\/wp-content\/uploads\/2024\/06\/ACUERDO-14-2024-REGLAMENTO-SOLVENCIAS-DE-OFICIO-1.pdf\">Reglamento de Emisi\u00f3n de Solvencias de Oficio por la Federaci\u00f3n Nacional de F\u00fatbol de Guatemal<\/a>a <a href=\"https:\/\/fedefutguate.gt\/informacionpublica\/wp-content\/uploads\/2024\/06\/ACUERDO-14-2024-REGLAMENTO-SOLVENCIAS-DE-OFICIO-1.pdf\">(Vigente para el a\u00f1o 2025)<\/a><\/td><\/tr><tr><td class=\"has-text-align-center\" data-align=\"center\"><a href=\"https:\/\/fedefutguate.gt\/informacionpublica\/wp-content\/uploads\/2025\/02\/51-ACUERDO_CEF_019_2023-REGLAMENTO-SOBRE-AGENTES-DE-FUTBOL-DE-LA-FEDEFUT.pdf\"><img loading=\"lazy\" decoding=\"async\" width=\"50\" height=\"58\" class=\"wp-image-266\" style=\"width: 50px;\" src=\"https:\/\/fedefutguate.gt\/informacionpublica\/wp-content\/uploads\/2022\/02\/pngaaa.com-2621310.png\" alt=\"\"><\/a><\/td><td><a href=\"https:\/\/fedefutguate.gt\/informacionpublica\/wp-content\/uploads\/2025\/02\/51-ACUERDO_CEF_019_2023-REGLAMENTO-SOBRE-AGENTES-DE-FUTBOL-DE-LA-FEDEFUT.pdf\">Reglamento sobre Agentes de F\u00fatbol de la Federaci\u00f3n Nacional de F\u00fatbol de Guatemala (Vigente para el a\u00f1o 2025)<\/a><\/td><\/tr><tr><td class=\"has-text-align-center\" data-align=\"center\"><\/td><td><\/td><\/tr><tr><td class=\"has-text-align-center\" data-align=\"center\"><a href=\"https:\/\/fedefutguate.gt\/informacionpublica\/wp-content\/uploads\/2025\/08\/ACUERDO-CE-08-2022-Reglamento-del-Departamento-de-Formacion-Profesional.pdf\"><img loading=\"lazy\" decoding=\"async\" width=\"50\" height=\"58\" class=\"wp-image-266\" style=\"width: 50px;\" src=\"https:\/\/fedefutguate.gt\/informacionpublica\/wp-content\/uploads\/2022\/02\/pngaaa.com-2621310.png\" alt=\"\"><\/a><\/td><td><a href=\"https:\/\/fedefutguate.gt\/informacionpublica\/wp-content\/uploads\/2025\/08\/ACUERDO-CE-08-2022-Reglamento-del-Departamento-de-Formacion-Profesional.pdf\">ACUERDO CE-08-2022 Reglamento del Departamento de Formaci\u00f3n Profesional<\/a><\/td><\/tr><\/tbody><\/table><\/figure>\n\n\n\n<p><\/p>\n","protected":false},"excerpt":{"rendered":"<p>Cualquier otra informaci\u00f3n que sea de utilidad o relevancia para cumplir con los fines y objetivos de la Ley de Acceso a la Informaci\u00f3n P\u00fablica (DECRETO 57-2008 DEL CONGRESO DE LA REP\u00daBLICA DE GUATEMALA). Art\u00edculo 10, numeral 29 de la Ley de Acceso a la Informaci\u00f3n P\u00fablica. Integrantes Comit\u00e9 Ejecutivo Federaci\u00f3n Nacional de F\u00fatbol de &#8230; <a title=\"OTRA INFORMACI\u00d3N QUE SEA DE UTILIDAD O RELEVANCIA -2025-\" class=\"read-more\" href=\"https:\/\/fedefutguate.gt\/informacionpublica\/otra-informacion-que-sea-de-utilidad-o-relevancia-2025\/\" aria-label=\"Read more about OTRA INFORMACI\u00d3N QUE SEA DE UTILIDAD O RELEVANCIA -2025-\">Read more<\/a><\/p>\n","protected":false},"author":2,"featured_media":0,"parent":0,"menu_order":0,"comment_status":"closed","ping_status":"closed","template":"","meta":{"footnotes":""},"class_list":["post-5535","page","type-page","status-publish"],"_links":{"self":[{"href":"https:\/\/fedefutguate.gt\/informacionpublica\/wp-json\/wp\/v2\/pages\/5535","targetHints":{"allow":["GET"]}}],"collection":[{"href":"https:\/\/fedefutguate.gt\/informacionpublica\/wp-json\/wp\/v2\/pages"}],"about":[{"href":"https:\/\/fedefutguate.gt\/informacionpublica\/wp-json\/wp\/v2\/types\/page"}],"author":[{"embeddable":true,"href":"https:\/\/fedefutguate.gt\/informacionpublica\/wp-json\/wp\/v2\/users\/2"}],"replies":[{"embeddable":true,"href":"https:\/\/fedefutguate.gt\/informacionpublica\/wp-json\/wp\/v2\/comments?post=5535"}],"version-history":[{"count":5,"href":"https:\/\/fedefutguate.gt\/informacionpublica\/wp-json\/wp\/v2\/pages\/5535\/revisions"}],"predecessor-version":[{"id":7061,"href":"https:\/\/fedefutguate.gt\/informacionpublica\/wp-json\/wp\/v2\/pages\/5535\/revisions\/7061"}],"wp:attachment":[{"href":"https:\/\/fedefutguate.gt\/informacionpublica\/wp-json\/wp\/v2\/media?parent=5535"}],"curies":[{"name":"wp","href":"https:\/\/api.w.org\/{rel}","templated":true}]}}