{"id":5579,"date":"2025-02-04T19:37:40","date_gmt":"2025-02-04T18:37:40","guid":{"rendered":"https:\/\/fedefutguate.gt\/informacionpublica\/?page_id=5579"},"modified":"2026-02-11T16:12:49","modified_gmt":"2026-02-11T15:12:49","slug":"publicacion-de-informes-en-portales-web-2025","status":"publish","type":"page","link":"https:\/\/fedefutguate.gt\/informacionpublica\/publicacion-de-informes-en-portales-web-2025\/","title":{"rendered":"PUBLICACI\u00d3N DE INFORMES EN PORTALES WEB 2025"},"content":{"rendered":"\n<p>Art\u00edculo 22<\/p>\n\n\n\n<p class=\"has-contrast-3-color has-text-color\">DECRETO 36-2024 \u201cLEY DEL PRESUPUESTO GENERAL DE INGRESOS Y EGRESOS DEL ESTADO PARA EL EJERCICIO FISCAL DOS MIL VEINTICINCO\u201d<\/p>\n\n\n\n<figure class=\"wp-block-table is-style-stripes\"><table><tbody><tr><td class=\"has-text-align-right\" data-align=\"right\"><a href=\"https:\/\/fedefutguate.gt\/informacionpublica\/wp-content\/uploads\/2025\/05\/Primer-Informe-Cuatrimestral-de-Asesorias-Tecnicas-y-Profesionales-2025-1.pdf\"><img loading=\"lazy\" decoding=\"async\" width=\"50\" height=\"58\" class=\"wp-image-266\" style=\"width: 50px;\" src=\"https:\/\/fedefutguate.gt\/informacionpublica\/wp-content\/uploads\/2022\/02\/pngaaa.com-2621310.png\" alt=\"\"><\/a><\/td><td><a href=\"https:\/\/fedefutguate.gt\/informacionpublica\/wp-content\/uploads\/2025\/05\/Primer-Informe-Cuatrimestral-de-Asesorias-Tecnicas-y-Profesionales-2025-1.pdf\">Primer Informe Cuatrimestral de Asesor\u00edas T\u00e9cnicas y Profesionales 2025<\/a><\/td><\/tr><tr><td class=\"has-text-align-right\" data-align=\"right\"><a href=\"https:\/\/fedefutguate.gt\/informacionpublica\/wp-content\/uploads\/2025\/05\/1.-DECREO-36-2024-Primer-cuatrimestre-2025-1.xlsx\"><img loading=\"lazy\" decoding=\"async\" width=\"50\" height=\"50\" class=\"wp-image-1825\" style=\"width: 50px;\" src=\"https:\/\/fedefutguate.gt\/informacionpublica\/wp-content\/uploads\/2022\/11\/xls-icon-3379.png\" alt=\"\"><\/a><\/td><td><a href=\"https:\/\/fedefutguate.gt\/informacionpublica\/wp-content\/uploads\/2025\/05\/1.-DECREO-36-2024-Primer-cuatrimestre-2025-1.xlsx\">Primer Informe Cuatrimestral de Asesor\u00edas T\u00e9cnicas y Profesionales 2025<\/a><\/td><\/tr><tr><td class=\"has-text-align-right\" data-align=\"right\"><a href=\"https:\/\/fedefutguate.gt\/informacionpublica\/wp-content\/uploads\/2025\/09\/Segundo-Informe-Cuatrimestral.pdf\"><img loading=\"lazy\" decoding=\"async\" width=\"50\" height=\"58\" class=\"wp-image-266\" style=\"width: 50px;\" src=\"https:\/\/fedefutguate.gt\/informacionpublica\/wp-content\/uploads\/2022\/02\/pngaaa.com-2621310.png\" alt=\"\"><\/a><\/td><td><a href=\"https:\/\/fedefutguate.gt\/informacionpublica\/wp-content\/uploads\/2025\/09\/Segundo-Informe-Cuatrimestral.pdf\">Segundo Informe Cuatrimestral de Asesor\u00edas T\u00e9cnicas y Profesionales 2025<\/a><\/td><\/tr><tr><td class=\"has-text-align-right\" data-align=\"right\"><a href=\"https:\/\/fedefutguate.gt\/informacionpublica\/wp-content\/uploads\/2025\/09\/2.-DECREO-36-2024-Segundo-cuatrimestre-2025-1-1.xlsx\"><img loading=\"lazy\" decoding=\"async\" width=\"50\" height=\"50\" class=\"wp-image-1825\" style=\"width: 50px;\" src=\"https:\/\/fedefutguate.gt\/informacionpublica\/wp-content\/uploads\/2022\/11\/xls-icon-3379.png\" alt=\"\"><\/a><\/td><td><a href=\"https:\/\/fedefutguate.gt\/informacionpublica\/wp-content\/uploads\/2025\/09\/2.-DECREO-36-2024-Segundo-cuatrimestre-2025-1-1.xlsx\">Segundo Informe Cuatrimestral de Asesor\u00edas T\u00e9cnicas y Profesionales 2025<\/a><\/td><\/tr><tr><td class=\"has-text-align-right\" data-align=\"right\"><a href=\"https:\/\/fedefutguate.gt\/informacionpublica\/wp-content\/uploads\/2026\/02\/20260211091434.pdf\"><img loading=\"lazy\" decoding=\"async\" width=\"50\" height=\"58\" class=\"wp-image-266\" style=\"width: 50px;\" src=\"https:\/\/fedefutguate.gt\/informacionpublica\/wp-content\/uploads\/2022\/02\/pngaaa.com-2621310.png\" alt=\"\"><\/a><\/td><td><a href=\"https:\/\/fedefutguate.gt\/informacionpublica\/wp-content\/uploads\/2026\/02\/20260211091434.pdf\">Tercer Informe Cuatrimestral de Asesor\u00edas T\u00e9cnicas y Profesionales 2025<\/a><\/td><\/tr><tr><td class=\"has-text-align-right\" data-align=\"right\"><a href=\"https:\/\/fedefutguate.gt\/informacionpublica\/wp-content\/uploads\/2026\/02\/3.-DECREO-36-2024-Tercer-cuatrimestre-2025.xlsx\"><img loading=\"lazy\" decoding=\"async\" width=\"50\" height=\"50\" class=\"wp-image-1825\" style=\"width: 50px;\" src=\"https:\/\/fedefutguate.gt\/informacionpublica\/wp-content\/uploads\/2022\/11\/xls-icon-3379.png\" alt=\"\"><\/a><\/td><td><a href=\"https:\/\/fedefutguate.gt\/informacionpublica\/wp-content\/uploads\/2026\/02\/3.-DECREO-36-2024-Tercer-cuatrimestre-2025.xlsx\">Tercer Informe Cuatrimestral de Asesor\u00edas T\u00e9cnicas y Profesionales 2025<\/a><\/td><\/tr><\/tbody><\/table><\/figure>\n\n\n\n<p><\/p>\n","protected":false},"excerpt":{"rendered":"<p>Art\u00edculo 22 DECRETO 36-2024 \u201cLEY DEL PRESUPUESTO GENERAL DE INGRESOS Y EGRESOS DEL ESTADO PARA EL EJERCICIO FISCAL DOS MIL VEINTICINCO\u201d Primer Informe Cuatrimestral de Asesor\u00edas T\u00e9cnicas y Profesionales 2025 Primer Informe Cuatrimestral de Asesor\u00edas T\u00e9cnicas y Profesionales 2025 Segundo Informe Cuatrimestral de Asesor\u00edas T\u00e9cnicas y Profesionales 2025 Segundo Informe Cuatrimestral de Asesor\u00edas T\u00e9cnicas y &#8230; <a title=\"PUBLICACI\u00d3N DE INFORMES EN PORTALES WEB 2025\" class=\"read-more\" href=\"https:\/\/fedefutguate.gt\/informacionpublica\/publicacion-de-informes-en-portales-web-2025\/\" aria-label=\"Read more about PUBLICACI\u00d3N DE INFORMES EN PORTALES WEB 2025\">Read more<\/a><\/p>\n","protected":false},"author":2,"featured_media":0,"parent":0,"menu_order":0,"comment_status":"closed","ping_status":"closed","template":"","meta":{"footnotes":""},"class_list":["post-5579","page","type-page","status-publish"],"_links":{"self":[{"href":"https:\/\/fedefutguate.gt\/informacionpublica\/wp-json\/wp\/v2\/pages\/5579","targetHints":{"allow":["GET"]}}],"collection":[{"href":"https:\/\/fedefutguate.gt\/informacionpublica\/wp-json\/wp\/v2\/pages"}],"about":[{"href":"https:\/\/fedefutguate.gt\/informacionpublica\/wp-json\/wp\/v2\/types\/page"}],"author":[{"embeddable":true,"href":"https:\/\/fedefutguate.gt\/informacionpublica\/wp-json\/wp\/v2\/users\/2"}],"replies":[{"embeddable":true,"href":"https:\/\/fedefutguate.gt\/informacionpublica\/wp-json\/wp\/v2\/comments?post=5579"}],"version-history":[{"count":7,"href":"https:\/\/fedefutguate.gt\/informacionpublica\/wp-json\/wp\/v2\/pages\/5579\/revisions"}],"predecessor-version":[{"id":7146,"href":"https:\/\/fedefutguate.gt\/informacionpublica\/wp-json\/wp\/v2\/pages\/5579\/revisions\/7146"}],"wp:attachment":[{"href":"https:\/\/fedefutguate.gt\/informacionpublica\/wp-json\/wp\/v2\/media?parent=5579"}],"curies":[{"name":"wp","href":"https:\/\/api.w.org\/{rel}","templated":true}]}}